{"id":267,"date":"2025-05-11T18:44:44","date_gmt":"2025-05-11T16:44:44","guid":{"rendered":"http:\/\/espacedeseaux.com\/?page_id=267"},"modified":"2025-05-21T17:39:36","modified_gmt":"2025-05-21T15:39:36","slug":"accueil","status":"publish","type":"page","link":"https:\/\/www.espacedeseaux.com\/","title":{"rendered":"Accueil"},"content":{"rendered":"\n<div class=\"slider-wrapper relative\" id=\"slider-1073850667\" >\n    <div class=\"slider slider-nav-circle slider-nav-large slider-nav-light slider-style-normal\"\n        data-flickity-options='{\n            \"cellAlign\": \"center\",\n            \"imagesLoaded\": true,\n            \"lazyLoad\": 1,\n            \"freeScroll\": false,\n            \"wrapAround\": true,\n            \"autoPlay\": 6000,\n            \"pauseAutoPlayOnHover\" : true,\n            \"prevNextButtons\": true,\n            \"contain\" : true,\n            \"adaptiveHeight\" : true,\n            \"dragThreshold\" : 10,\n            \"percentPosition\": true,\n            \"pageDots\": true,\n            \"rightToLeft\": false,\n            \"draggable\": true,\n            \"selectedAttraction\": 0.1,\n            \"parallax\" : 0,\n            \"friction\": 0.6        }'\n        >\n        \n\n\n  <div class=\"banner has-hover\" id=\"banner-1312571731\">\n          <div class=\"banner-inner fill\">\n        <div class=\"banner-bg fill\" >\n            <img loading=\"lazy\" decoding=\"async\" width=\"588\" height=\"392\" src=\"https:\/\/espacedeseaux.com\/wp-content\/uploads\/2025\/05\/EFFET-PORDUIT-WEB-13.jpg\" class=\"bg attachment-original size-original\" alt=\"\" \/>                                    \n                    <\/div>\n\t\t\n        <div class=\"banner-layers container\">\n            <div class=\"fill banner-link\"><\/div>            \n\n   <div id=\"text-box-1294181014\" class=\"text-box banner-layer hide-for-small x5 md-x5 lg-x5 y95 md-y50 lg-y50 res-text\">\n                                <div class=\"text-box-content text box-shadow-1\">\n              \n              <div class=\"text-inner text-left\">\n                  \n\n<h6>Espace des eaux<\/h6>\n<h3 class=\"uppercase\">Fontaines musicales<\/h3>\n<p style=\"text-align: justify;\">\u00c9merveillez vos visiteurs avec des fontaines musicales spectaculaires, v\u00e9ritables \u0153uvres vivantes o\u00f9 l\u2019eau, la lumi\u00e8re et la musique fusionnent dans un ballet synchronis\u00e9.<\/p>\n<a href=\"http:\/\/espacedeseaux.com\/nos-produits\/fontaines\/fontaine-musicale\/\" class=\"button primary is-gradient\" >\n\t\t<span>Voir plus<\/span>\n\t<\/a>\n\n\n\n              <\/div>\n           <\/div>\n                            \n<style>\n#text-box-1294181014 .text-box-content {\n  background-color: rgba(255, 255, 255, 0.94);\n  font-size: 100%;\n}\n#text-box-1294181014 .text-inner {\n  padding: 30px 30px 30px 30px;\n}\n#text-box-1294181014 {\n  width: 90%;\n}\n@media (min-width:550px) {\n  #text-box-1294181014 {\n    width: 23%;\n  }\n}\n<\/style>\n    <\/div>\n \n\n        <\/div>\n      <\/div>\n\n            \n<style>\n#banner-1312571731 {\n  padding-top: 50%;\n}\n#banner-1312571731 .banner-bg img {\n  object-position: 44% 100%;\n}\n<\/style>\n  <\/div>\n\n\n\n  <div class=\"banner has-hover\" id=\"banner-1156156891\">\n          <div class=\"banner-inner fill\">\n        <div class=\"banner-bg fill\" >\n            <img loading=\"lazy\" decoding=\"async\" width=\"2126\" height=\"1414\" src=\"https:\/\/espacedeseaux.com\/wp-content\/uploads\/2025\/05\/EFFET-PORDUIT-WEB-6.png\" class=\"bg attachment-original size-original\" alt=\"\" \/>                                    \n                    <\/div>\n\t\t\n        <div class=\"banner-layers container\">\n            <div class=\"fill banner-link\"><\/div>            \n\n   <div id=\"text-box-1224014055\" class=\"text-box banner-layer hide-for-small x95 md-x95 lg-x95 y95 md-y50 lg-y50 res-text\">\n                                <div class=\"text-box-content text box-shadow-1\">\n              \n              <div class=\"text-inner text-left\">\n                  \n\n<h6>Espace des eaux<\/h6>\n<h3 class=\"uppercase\">Jardins Aquatiques<\/h3>\n<p style=\"text-align: justify;\">Transformez vos jardins en v\u00e9ritables oasis gr\u00e2ce \u00e0 nos solutions de jardins aquatiques d\u00e9coratifs et techniques. <\/p>\n<a href=\"http:\/\/espacedeseaux.com\/nos-produits\/fontaines\/jardin-aquatique\/\" class=\"button primary is-gradient\" >\n\t\t<span>Voir plus<\/span>\n\t<\/a>\n\n\n\n              <\/div>\n           <\/div>\n                            \n<style>\n#text-box-1224014055 .text-box-content {\n  background-color: rgba(255, 255, 255, 0.94);\n  font-size: 100%;\n}\n#text-box-1224014055 .text-inner {\n  padding: 30px 30px 30px 30px;\n}\n#text-box-1224014055 {\n  width: 90%;\n}\n@media (min-width:550px) {\n  #text-box-1224014055 {\n    width: 26%;\n  }\n}\n<\/style>\n    <\/div>\n \n\n        <\/div>\n      <\/div>\n\n            \n<style>\n#banner-1156156891 {\n  padding-top: 50%;\n}\n#banner-1156156891 .banner-bg img {\n  object-position: 44% 41%;\n}\n<\/style>\n  <\/div>\n\n\n\n  <div class=\"banner has-hover\" id=\"banner-382257046\">\n          <div class=\"banner-inner fill\">\n        <div class=\"banner-bg fill\" >\n            <img loading=\"lazy\" decoding=\"async\" width=\"480\" height=\"480\" src=\"https:\/\/espacedeseaux.com\/wp-content\/uploads\/2025\/05\/PHOTOS-PRODUITS-2-8.jpg\" class=\"bg attachment-original size-original\" alt=\"\" \/>                                    \n                    <\/div>\n\t\t\n        <div class=\"banner-layers container\">\n            <div class=\"fill banner-link\"><\/div>            \n\n   <div id=\"text-box-192725703\" class=\"text-box banner-layer hide-for-small x95 md-x95 lg-x95 y95 md-y50 lg-y50 res-text\">\n                                <div class=\"text-box-content text box-shadow-1\">\n              \n              <div class=\"text-inner text-left\">\n                  \n\n<h6>Espace des eaux<\/h6>\n<h3 class=\"uppercase\">Irrigation Golf<\/h3>\n<p style=\"text-align: justify;\">Les parcours de golf exigent une gestion rigoureuse de l\u2019irrigation pour garantir une qualit\u00e9 de jeu optimale et une pelouse toujours impeccable.<\/p>\n<a href=\"http:\/\/espacedeseaux.com\/nos-produits\/arrosage-automatique\/irrigation-golf\/\" class=\"button primary is-gradient\" >\n\t\t<span>Voir plus<\/span>\n\t<\/a>\n\n\n\n              <\/div>\n           <\/div>\n                            \n<style>\n#text-box-192725703 .text-box-content {\n  background-color: rgba(255, 255, 255, 0.94);\n  font-size: 100%;\n}\n#text-box-192725703 .text-inner {\n  padding: 30px 30px 30px 30px;\n}\n#text-box-192725703 {\n  width: 90%;\n}\n@media (min-width:550px) {\n  #text-box-192725703 {\n    width: 26%;\n  }\n}\n<\/style>\n    <\/div>\n \n\n        <\/div>\n      <\/div>\n\n            \n<style>\n#banner-382257046 {\n  padding-top: 50%;\n}\n#banner-382257046 .banner-bg img {\n  object-position: 54% 59%;\n}\n<\/style>\n  <\/div>\n\n\n\n  <div class=\"banner has-hover\" id=\"banner-952726393\">\n          <div class=\"banner-inner fill\">\n        <div class=\"banner-bg fill\" >\n            <img loading=\"lazy\" decoding=\"async\" width=\"480\" height=\"480\" src=\"https:\/\/espacedeseaux.com\/wp-content\/uploads\/2025\/05\/PHOTO-DU-PRODUIT-2-2.jpg\" class=\"bg attachment-original size-original\" alt=\"\" \/>                                    \n                    <\/div>\n\t\t\n        <div class=\"banner-layers container\">\n            <div class=\"fill banner-link\"><\/div>            \n\n   <div id=\"text-box-63451664\" class=\"text-box banner-layer hide-for-small x95 md-x95 lg-x95 y95 md-y50 lg-y50 res-text\">\n                                <div class=\"text-box-content text box-shadow-1\">\n              \n              <div class=\"text-inner text-left\">\n                  \n\n<h6>Espace des eaux<\/h6>\n<h3 class=\"uppercase\">Irrigation Paysag\u00e8re<\/h3>\n<p style=\"text-align: justify;\">Chez Espace des Eaux, nous savons qu\u2019un espace vert bien entretenu commence par une irrigation ma\u00eetris\u00e9e et intelligente.<\/p>\n<a href=\"http:\/\/espacedeseaux.com\/nos-produits\/arrosage-automatique\/irrigation-paysagere\/\" class=\"button primary is-gradient\" >\n\t\t<span>Voir plus<\/span>\n\t<\/a>\n\n\n\n              <\/div>\n           <\/div>\n                            \n<style>\n#text-box-63451664 .text-box-content {\n  background-color: rgba(255, 255, 255, 0.94);\n  font-size: 100%;\n}\n#text-box-63451664 .text-inner {\n  padding: 30px 30px 30px 30px;\n}\n#text-box-63451664 {\n  width: 90%;\n}\n@media (min-width:550px) {\n  #text-box-63451664 {\n    width: 26%;\n  }\n}\n<\/style>\n    <\/div>\n \n\n        <\/div>\n      <\/div>\n\n            \n<style>\n#banner-952726393 {\n  padding-top: 50%;\n}\n#banner-952726393 .banner-bg img {\n  object-position: 56% 55%;\n}\n<\/style>\n  <\/div>\n\n\n\n     <\/div>\n\n     <div class=\"loading-spin dark large centered\"><\/div>\n\n\t<\/div>\n\n\n\n\t<section class=\"section\" id=\"section_1223232034\">\n\t\t<div class=\"section-bg fill\" >\n\t\t\t\t\t\t\t\t\t\n\t\t\t\n\n\t\t<\/div>\n\n\t\t\n\n\t\t<div class=\"section-content relative\">\n\t\t\t\n\n<div class=\"row\"  id=\"row-1163708689\">\n\n\n\t<div id=\"col-1733963846\" class=\"col small-12 large-12\"  >\n\t\t\t\t<div class=\"col-inner\"  >\n\t\t\t\n\t\t\t\n\n\n  \n    <div class=\"row large-columns-2 medium-columns- small-columns-\" >\n  <div class=\"page-col col\" data-animate=\"bounceIn\">\n          <div class=\"col-inner\" >\n          <a class=\"block plain\" href=\"https:\/\/www.espacedeseaux.com\/?page_id=322\" title=\"Fontaine musicale\" target=\"\">\n            <div class=\"page-box box has-hover box-overlay dark\">\n                  <div class=\"box-image\" >\n                      <div class=\"box-image image-cover\" style=\"padding-top:56.25%;\">\n                      <img loading=\"lazy\" decoding=\"async\" width=\"654\" height=\"400\" src=\"https:\/\/espacedeseaux.com\/wp-content\/uploads\/2025\/05\/EFFET-PORDUIT-WEB-654x400.jpg\" class=\"attachment-medium size-medium\" alt=\"\" srcset=\"https:\/\/espacedeseaux.com\/wp-content\/uploads\/2025\/05\/EFFET-PORDUIT-WEB-654x400.jpg 654w, https:\/\/espacedeseaux.com\/wp-content\/uploads\/2025\/05\/EFFET-PORDUIT-WEB-510x312.jpg 510w, https:\/\/espacedeseaux.com\/wp-content\/uploads\/2025\/05\/EFFET-PORDUIT-WEB.jpg 674w\" sizes=\"auto, (max-width: 654px) 100vw, 654px\" \/>                      <\/div>\n                      <div class=\"overlay\" style=\"background-color: rgba(0,0,0,.3)\"><\/div>                                        <\/div>\n                  <div class=\"box-text text-left\" >\n                        <div class=\"box-text-inner\">\n                            <p>Fontaine musicale<\/p>\n                        <\/div>\n                  <\/div>\n              <\/div>\n            <\/a>\n            <\/div>\n          <\/div><div class=\"page-col col\" data-animate=\"bounceIn\">\n          <div class=\"col-inner\" >\n          <a class=\"block plain\" href=\"https:\/\/www.espacedeseaux.com\/?page_id=300\" title=\"Jardin aquatique\" target=\"\">\n            <div class=\"page-box box has-hover box-overlay dark\">\n                  <div class=\"box-image\" >\n                      <div class=\"box-image image-cover\" style=\"padding-top:56.25%;\">\n                      <img loading=\"lazy\" decoding=\"async\" width=\"601\" height=\"400\" src=\"https:\/\/espacedeseaux.com\/wp-content\/uploads\/2025\/05\/EFFET-PORDUIT-WEB-6-601x400.png\" class=\"attachment-medium size-medium\" alt=\"\" srcset=\"https:\/\/espacedeseaux.com\/wp-content\/uploads\/2025\/05\/EFFET-PORDUIT-WEB-6-601x400.png 601w, https:\/\/espacedeseaux.com\/wp-content\/uploads\/2025\/05\/EFFET-PORDUIT-WEB-6-510x339.png 510w, https:\/\/espacedeseaux.com\/wp-content\/uploads\/2025\/05\/EFFET-PORDUIT-WEB-6-1203x800.png 1203w, https:\/\/espacedeseaux.com\/wp-content\/uploads\/2025\/05\/EFFET-PORDUIT-WEB-6-768x511.png 768w, https:\/\/espacedeseaux.com\/wp-content\/uploads\/2025\/05\/EFFET-PORDUIT-WEB-6-1536x1022.png 1536w, https:\/\/espacedeseaux.com\/wp-content\/uploads\/2025\/05\/EFFET-PORDUIT-WEB-6-2048x1362.png 2048w\" sizes=\"auto, (max-width: 601px) 100vw, 601px\" \/>                      <\/div>\n                      <div class=\"overlay\" style=\"background-color: rgba(0,0,0,.3)\"><\/div>                                        <\/div>\n                  <div class=\"box-text text-left\" >\n                        <div class=\"box-text-inner\">\n                            <p>Jardin aquatique<\/p>\n                        <\/div>\n                  <\/div>\n              <\/div>\n            <\/a>\n            <\/div>\n          <\/div><\/div>\n\n\n  \n    <div class=\"row large-columns-2 medium-columns- small-columns-\" >\n  <div class=\"page-col col\" data-animate=\"bounceIn\">\n          <div class=\"col-inner\" >\n          <a class=\"block plain\" href=\"https:\/\/www.espacedeseaux.com\/?page_id=316\" title=\"Irrigation Paysag\u00e8re\" target=\"\">\n            <div class=\"page-box box has-hover box-overlay dark\">\n                  <div class=\"box-image\" >\n                      <div class=\"box-image image-cover\" style=\"padding-top:56.25%;\">\n                      <img loading=\"lazy\" decoding=\"async\" width=\"400\" height=\"400\" src=\"https:\/\/espacedeseaux.com\/wp-content\/uploads\/2025\/05\/PHOTO-DU-PRODUIT1-3-400x400.jpg\" class=\"attachment-medium size-medium\" alt=\"\" srcset=\"https:\/\/espacedeseaux.com\/wp-content\/uploads\/2025\/05\/PHOTO-DU-PRODUIT1-3-400x400.jpg 400w, https:\/\/espacedeseaux.com\/wp-content\/uploads\/2025\/05\/PHOTO-DU-PRODUIT1-3-100x100.jpg 100w, https:\/\/espacedeseaux.com\/wp-content\/uploads\/2025\/05\/PHOTO-DU-PRODUIT1-3-280x280.jpg 280w, https:\/\/espacedeseaux.com\/wp-content\/uploads\/2025\/05\/PHOTO-DU-PRODUIT1-3.jpg 480w\" sizes=\"auto, (max-width: 400px) 100vw, 400px\" \/>                      <\/div>\n                      <div class=\"overlay\" style=\"background-color: rgba(0,0,0,.3)\"><\/div>                                        <\/div>\n                  <div class=\"box-text text-left\" >\n                        <div class=\"box-text-inner\">\n                            <p>Irrigation Paysag\u00e8re<\/p>\n                        <\/div>\n                  <\/div>\n              <\/div>\n            <\/a>\n            <\/div>\n          <\/div><div class=\"page-col col\" data-animate=\"bounceIn\">\n          <div class=\"col-inner\" >\n          <a class=\"block plain\" href=\"https:\/\/www.espacedeseaux.com\/?page_id=318\" title=\"Irrigation Golf\" target=\"\">\n            <div class=\"page-box box has-hover box-overlay dark\">\n                  <div class=\"box-image\" >\n                      <div class=\"box-image image-cover\" style=\"padding-top:56.25%;\">\n                      <img loading=\"lazy\" decoding=\"async\" width=\"400\" height=\"400\" src=\"https:\/\/espacedeseaux.com\/wp-content\/uploads\/2025\/05\/PHOTOS-PRODUITS-1-15-400x400.jpg\" class=\"attachment-medium size-medium\" alt=\"\" srcset=\"https:\/\/espacedeseaux.com\/wp-content\/uploads\/2025\/05\/PHOTOS-PRODUITS-1-15-400x400.jpg 400w, https:\/\/espacedeseaux.com\/wp-content\/uploads\/2025\/05\/PHOTOS-PRODUITS-1-15-100x100.jpg 100w, https:\/\/espacedeseaux.com\/wp-content\/uploads\/2025\/05\/PHOTOS-PRODUITS-1-15-280x280.jpg 280w, https:\/\/espacedeseaux.com\/wp-content\/uploads\/2025\/05\/PHOTOS-PRODUITS-1-15.jpg 480w\" sizes=\"auto, (max-width: 400px) 100vw, 400px\" \/>                      <\/div>\n                      <div class=\"overlay\" style=\"background-color: rgba(0,0,0,.3)\"><\/div>                                        <\/div>\n                  <div class=\"box-text text-left\" >\n                        <div class=\"box-text-inner\">\n                            <p>Irrigation Golf<\/p>\n                        <\/div>\n                  <\/div>\n              <\/div>\n            <\/a>\n            <\/div>\n          <\/div><\/div>\n\n\n\t\t<\/div>\n\t\t\t\t\t<\/div>\n\n\t\n\n<\/div>\n\n\t\t<\/div>\n\n\t\t\n<style>\n#section_1223232034 {\n  padding-top: 30px;\n  padding-bottom: 30px;\n}\n<\/style>\n\t<\/section>\n\t\n\n\t<section class=\"section\" id=\"section_1436905055\">\n\t\t<div class=\"section-bg fill\" >\n\t\t\t\t\t\t\t\t\t<div class=\"section-bg-overlay absolute fill\"><\/div>\n\t\t\t\n\t<div class=\"is-border\"\n\t\tstyle=\"border-width:1px 0px 1px 0px;\">\n\t<\/div>\n\n\t\t<\/div>\n\n\t\t\n\n\t\t<div class=\"section-content relative\">\n\t\t\t\n\n<div class=\"row row-large align-middle\"  id=\"row-1838631124\">\n\n\n\t<div id=\"col-1612916403\" class=\"col medium-6 small-12 large-6\"  >\n\t\t\t\t<div class=\"col-inner\"  >\n\t\t\t\n\t\t\t\n\n\t<div class=\"img has-hover x md-x lg-x y md-y lg-y\" id=\"image_2052146086\">\n\t\t\t\t\t\t\t\t<div class=\"img-inner box-shadow-2 dark\" >\n\t\t\t<img loading=\"lazy\" decoding=\"async\" width=\"700\" height=\"427\" src=\"https:\/\/espacedeseaux.com\/wp-content\/uploads\/2025\/05\/MediBAT-2025.jpg\" class=\"attachment-large size-large\" alt=\"\" srcset=\"https:\/\/espacedeseaux.com\/wp-content\/uploads\/2025\/05\/MediBAT-2025.jpg 700w, https:\/\/espacedeseaux.com\/wp-content\/uploads\/2025\/05\/MediBAT-2025-510x311.jpg 510w, https:\/\/espacedeseaux.com\/wp-content\/uploads\/2025\/05\/MediBAT-2025-656x400.jpg 656w\" sizes=\"auto, (max-width: 700px) 100vw, 700px\" \/>\t\t\t\t\t\t\n\t\t\t\t\t<\/div>\n\t\t\t\t\t\t\t\t\n<style>\n#image_2052146086 {\n  width: 100%;\n}\n<\/style>\n\t<\/div>\n\t\n\n\n\t\t<\/div>\n\t\t\t\t\t<\/div>\n\n\t\n\n\t<div id=\"col-1869296040\" class=\"col medium-6 small-12 large-6\"  >\n\t\t\t\t<div class=\"col-inner text-left\"  >\n\t\t\t\n\t\t\t\n\n<h2 class=\"uppercase\">Retrouvez-nous au Salon MEDIBAT 2025 \u00e0 Sfax !<\/h2>\n<p>Espace des Eaux a le plaisir de vous annoncer sa participation \u00e0 la 18e \u00e9dition du Salon M\u00e9diterran\u00e9en du B\u00e2timent \u2013 MEDIBAT, qui se tiendra \u00e0 Sfax du 21 au 24 mai 2025.<\/p>\n<p>\ud83d\udccd Stand \u00e0 droite de l\u2019entr\u00e9e principale au B\u00e2timent 4 \u2013 Parc des Expositions de Sfax<\/p>\n<a href=\"http:\/\/espacedeseaux.com\/seminaires-foires\/\" class=\"button primary\" >\n\t\t<span>Voir plus<\/span>\n\t<\/a>\n\n\n\n\t\t<\/div>\n\t\t\t\t\t<\/div>\n\n\t\n\n<\/div>\n\n\t\t<\/div>\n\n\t\t\n<style>\n#section_1436905055 {\n  padding-top: 60px;\n  padding-bottom: 60px;\n  background-color: rgb(193, 193, 193);\n}\n#section_1436905055 .section-bg-overlay {\n  background-color: rgba(255, 255, 255, 0.85);\n}\n<\/style>\n\t<\/section>\n\t\n\n\t<section class=\"section\" id=\"section_1865463283\">\n\t\t<div class=\"section-bg fill\" >\n\t\t\t\t\t\t\t\t\t<div class=\"section-bg-overlay absolute fill\"><\/div>\n\t\t\t\n\n\t\t<\/div>\n\n\t\t\n\n\t\t<div class=\"section-content relative\">\n\t\t\t\n\n<div class=\"row row-large align-middle\"  id=\"row-1490746386\">\n\n\n\t<div id=\"col-1282520262\" class=\"col medium-6 small-12 large-6\"  >\n\t\t\t\t<div class=\"col-inner text-left\"  >\n\t\t\t\n\t\t\t\n\n<h2 class=\"uppercase\">Contactez-nous !<\/h2>\n<p><strong>E-mail:<\/strong> commercial@espacedeseaux.com<br \/><strong>Tel:<\/strong> +216 70 947 830<br \/><strong>Fax:<\/strong> +21670 947 730<br \/><strong>Mobile:<\/strong> +216 28 447 830<br \/><strong>Adresse:<\/strong> Avenue de l&rsquo;Environnement. R\u00e9sidence Elyes Bloc 68 N\u00b023-24, La Soukra, 2036 Tunisie<\/p>\n\n\t\t<\/div>\n\t\t\t\t\t<\/div>\n\n\t\n\n\t<div id=\"col-812077921\" class=\"col medium-6 small-12 large-6\"  >\n\t\t\t\t<div class=\"col-inner\"  >\n\t\t\t\n\t\t\t\n\n\n\n<iframe src=\"https:\/\/www.google.com\/maps\/embed?pb=!1m18!1m12!1m3!1d1247.8871839264486!2d10.251326003996933!3d36.86499367533531!2m3!1f0!2f0!3f0!3m2!1i1024!2i768!4f13.1!3m3!1m2!1s0x12e2caaf67b286a3%3A0x87c398e5be2448d7!2sEspace%20des%20eaux!5e0!3m2!1sfr!2stn!4v1747822975077!5m2!1sfr!2stn\" width=\"600\" height=\"300\" style=\"border:0;\" allowfullscreen=\"\" loading=\"lazy\" referrerpolicy=\"no-referrer-when-downgrade\"><\/iframe>\n\n\n\t\t<\/div>\n\t\t\t\t\t<\/div>\n\n\t\n\n<\/div>\n\n\t\t<\/div>\n\n\t\t\n<style>\n#section_1865463283 {\n  padding-top: 60px;\n  padding-bottom: 60px;\n  background-color: rgb(255, 255, 255);\n}\n#section_1865463283 .section-bg-overlay {\n  background-color: rgba(255, 255, 255, 0.85);\n}\n<\/style>\n\t<\/section>\n\t\n\n","protected":false},"excerpt":{"rendered":"","protected":false},"author":1,"featured_media":14,"parent":0,"menu_order":1,"comment_status":"closed","ping_status":"closed","template":"page-blank.php","meta":{"footnotes":""},"class_list":["post-267","page","type-page","status-publish","has-post-thumbnail","hentry"],"_links":{"self":[{"href":"https:\/\/www.espacedeseaux.com\/index.php?rest_route=\/wp\/v2\/pages\/267","targetHints":{"allow":["GET"]}}],"collection":[{"href":"https:\/\/www.espacedeseaux.com\/index.php?rest_route=\/wp\/v2\/pages"}],"about":[{"href":"https:\/\/www.espacedeseaux.com\/index.php?rest_route=\/wp\/v2\/types\/page"}],"author":[{"embeddable":true,"href":"https:\/\/www.espacedeseaux.com\/index.php?rest_route=\/wp\/v2\/users\/1"}],"replies":[{"embeddable":true,"href":"https:\/\/www.espacedeseaux.com\/index.php?rest_route=%2Fwp%2Fv2%2Fcomments&post=267"}],"version-history":[{"count":19,"href":"https:\/\/www.espacedeseaux.com\/index.php?rest_route=\/wp\/v2\/pages\/267\/revisions"}],"predecessor-version":[{"id":1028,"href":"https:\/\/www.espacedeseaux.com\/index.php?rest_route=\/wp\/v2\/pages\/267\/revisions\/1028"}],"wp:featuredmedia":[{"embeddable":true,"href":"https:\/\/www.espacedeseaux.com\/index.php?rest_route=\/wp\/v2\/media\/14"}],"wp:attachment":[{"href":"https:\/\/www.espacedeseaux.com\/index.php?rest_route=%2Fwp%2Fv2%2Fmedia&parent=267"}],"curies":[{"name":"wp","href":"https:\/\/api.w.org\/{rel}","templated":true}]}}