{"id":318,"date":"2025-05-11T20:00:43","date_gmt":"2025-05-11T18:00:43","guid":{"rendered":"http:\/\/espacedeseaux.com\/?page_id=318"},"modified":"2025-05-21T15:43:46","modified_gmt":"2025-05-21T13:43:46","slug":"irrigation-golf","status":"publish","type":"page","link":"https:\/\/www.espacedeseaux.com\/?page_id=318","title":{"rendered":"Irrigation Golf"},"content":{"rendered":"\n<div class=\"slider-wrapper relative\" id=\"slider-637128684\" >\n    <div class=\"slider slider-nav-circle slider-nav-large slider-nav-light slider-style-normal\"\n        data-flickity-options='{\n            \"cellAlign\": \"center\",\n            \"imagesLoaded\": true,\n            \"lazyLoad\": 1,\n            \"freeScroll\": false,\n            \"wrapAround\": true,\n            \"autoPlay\": 6000,\n            \"pauseAutoPlayOnHover\" : true,\n            \"prevNextButtons\": true,\n            \"contain\" : true,\n            \"adaptiveHeight\" : true,\n            \"dragThreshold\" : 10,\n            \"percentPosition\": true,\n            \"pageDots\": true,\n            \"rightToLeft\": false,\n            \"draggable\": true,\n            \"selectedAttraction\": 0.1,\n            \"parallax\" : 0,\n            \"friction\": 0.6        }'\n        >\n        \n\n\n  <div class=\"banner has-hover\" id=\"banner-621489862\">\n          <div class=\"banner-inner fill\">\n        <div class=\"banner-bg fill\" >\n            <img loading=\"lazy\" decoding=\"async\" width=\"1024\" height=\"1024\" src=\"https:\/\/espacedeseaux.com\/wp-content\/uploads\/2025\/05\/arrosage-golf.jpeg\" class=\"bg attachment-original size-original\" alt=\"\" \/>                                    \n                    <\/div>\n\t\t\n        <div class=\"banner-layers container\">\n            <div class=\"fill banner-link\"><\/div>            \n\n   <div id=\"text-box-214883007\" class=\"text-box banner-layer x5 md-x5 lg-x5 y95 md-y50 lg-y50 res-text\">\n                                <div class=\"text-box-content text box-shadow-1\">\n              \n              <div class=\"text-inner text-left\">\n                  \n\n<h6>Espace des eaux<\/h6>\n<h3 class=\"uppercase\">Irrigation Golf<\/h3>\n<p style=\"text-align: justify;\">Sur un parcours de golf, chaque d\u00e9tail compte. L\u2019irrigation est un \u00e9l\u00e9ment strat\u00e9gique pour garantir la qualit\u00e9 du gazon, la s\u00e9curit\u00e9 des joueurs et la performance globale du site.<br \/>Chez Espace des Eaux, nous mettons \u00e0 votre service une expertise pointue en irrigation sp\u00e9cialis\u00e9e, d\u00e9di\u00e9e aux terrains de golf et grands espaces sportifs.<\/p>\n\n\n              <\/div>\n           <\/div>\n                            \n<style>\n#text-box-214883007 .text-box-content {\n  background-color: rgba(255, 255, 255, 0.94);\n  font-size: 100%;\n}\n#text-box-214883007 .text-inner {\n  padding: 30px 30px 30px 30px;\n}\n#text-box-214883007 {\n  width: 90%;\n}\n@media (min-width:550px) {\n  #text-box-214883007 {\n    width: 31%;\n  }\n}\n<\/style>\n    <\/div>\n \n\n        <\/div>\n      <\/div>\n\n            \n<style>\n#banner-621489862 {\n  padding-top: 50%;\n}\n#banner-621489862 .banner-bg img {\n  object-position: 55% 31%;\n}\n<\/style>\n  <\/div>\n\n\n\n  <div class=\"banner has-hover\" id=\"banner-1120252622\">\n          <div class=\"banner-inner fill\">\n        <div class=\"banner-bg fill\" >\n            <img loading=\"lazy\" decoding=\"async\" width=\"800\" height=\"800\" src=\"https:\/\/espacedeseaux.com\/wp-content\/uploads\/2025\/05\/Slide-2-Irrigation-Golf-800x800.jpeg\" class=\"bg attachment-large size-large\" alt=\"\" \/>                                    \n                    <\/div>\n\t\t\n        <div class=\"banner-layers container\">\n            <div class=\"fill banner-link\"><\/div>            \n\n   <div id=\"text-box-1862186285\" class=\"text-box banner-layer x95 md-x95 lg-x95 y95 md-y50 lg-y50 res-text\">\n                                <div class=\"text-box-content text box-shadow-1\">\n              \n              <div class=\"text-inner text-left\">\n                  \n\n<h6>Espace des eaux<\/h6>\n<h3 class=\"uppercase\">Irrigation Golf<\/h3>\n<p style=\"text-align: justify;\">Sur un parcours de golf, chaque d\u00e9tail compte. L\u2019irrigation est un \u00e9l\u00e9ment strat\u00e9gique pour garantir la qualit\u00e9 du gazon, la s\u00e9curit\u00e9 des joueurs et la performance globale du site.<br \/>Chez Espace des Eaux, nous mettons \u00e0 votre service une expertise pointue en irrigation sp\u00e9cialis\u00e9e, d\u00e9di\u00e9e aux terrains de golf et grands espaces sportifs.<\/p>\n\n\n              <\/div>\n           <\/div>\n                            \n<style>\n#text-box-1862186285 .text-box-content {\n  background-color: rgba(255, 255, 255, 0.94);\n  font-size: 100%;\n}\n#text-box-1862186285 .text-inner {\n  padding: 30px 30px 30px 30px;\n}\n#text-box-1862186285 {\n  width: 90%;\n}\n@media (min-width:550px) {\n  #text-box-1862186285 {\n    width: 31%;\n  }\n}\n<\/style>\n    <\/div>\n \n\n        <\/div>\n      <\/div>\n\n            \n<style>\n#banner-1120252622 {\n  padding-top: 50%;\n}\n#banner-1120252622 .banner-bg img {\n  object-position: 53% 62%;\n}\n<\/style>\n  <\/div>\n\n\n\n     <\/div>\n\n     <div class=\"loading-spin dark large centered\"><\/div>\n\n\t<\/div>\n\n\n\n\t<section class=\"section\" id=\"section_568948708\">\n\t\t<div class=\"section-bg fill\" >\n\t\t\t\t\t\t\t\t\t\n\t\t\t\n\n\t\t<\/div>\n\n\t\t\n\n\t\t<div class=\"section-content relative\">\n\t\t\t\n\n<div class=\"row row-large align-middle\"  id=\"row-1168851093\">\n\n\n\t<div id=\"col-1917627238\" class=\"col medium-6 small-12 large-6\"  >\n\t\t\t\t<div class=\"col-inner text-left\"  >\n\t\t\t\n\t\t\t\n\n<h2>Irrigation Golf \u2013 La pr\u00e9cision technique au service de l\u2019excellence paysag\u00e8re<\/h2>\n<p style=\"text-align: justify;\">Les parcours de golf exigent une gestion rigoureuse de l\u2019irrigation pour garantir une qualit\u00e9 de jeu optimale et une pelouse toujours impeccable.<br \/>Espace des Eaux met \u00e0 votre disposition des syst\u00e8mes d\u2019irrigation hautement techniques, con\u00e7us pour r\u00e9pondre aux sp\u00e9cificit\u00e9s des fairways, greens et zones sensibles.<\/p>\n<ul>\n<li>Nos solutions d\u2019irrigation pour golf int\u00e8grent :<\/li>\n<li>Arroseurs professionnels \u00e0 longue port\u00e9e, adapt\u00e9s aux grands terrains<\/li>\n<li>Programmateurs intelligents et logiciels de pilotage centralis\u00e9<\/li>\n<li>Syst\u00e8mes de contr\u00f4le automatis\u00e9s pour ajuster la fr\u00e9quence et la quantit\u00e9 d\u2019eau selon les conditions climatiques<\/li>\n<li>\u00c9quipements robustes et performants, issus de partenaires de renom tels que Hunter et Toro<\/li>\n<\/ul>\n<p style=\"text-align: justify;\">Nous accompagnons les golfs priv\u00e9s, clubs sportifs et collectivit\u00e9s dans la conception, l\u2019installation et la gestion de leurs syst\u00e8mes d\u2019irrigation, avec un haut niveau d\u2019expertise.<\/p>\n\n\n\t\t<\/div>\n\t\t\t\t\t<\/div>\n\n\t\n\n\t<div id=\"col-1611755746\" class=\"col medium-6 small-12 large-6\"  >\n\t\t\t\t<div class=\"col-inner\"  >\n\t\t\t\n\t\t\t\n\n\t<div class=\"img has-hover x md-x lg-x y md-y lg-y\" id=\"image_2062881333\">\n\t\t\t\t\t\t\t\t<div class=\"img-inner box-shadow-2 dark\" >\n\t\t\t<img loading=\"lazy\" decoding=\"async\" width=\"480\" height=\"480\" src=\"https:\/\/espacedeseaux.com\/wp-content\/uploads\/2025\/05\/PHOTO-PRODUIT-1-2.jpg\" class=\"attachment-large size-large\" alt=\"\" srcset=\"https:\/\/espacedeseaux.com\/wp-content\/uploads\/2025\/05\/PHOTO-PRODUIT-1-2.jpg 480w, https:\/\/espacedeseaux.com\/wp-content\/uploads\/2025\/05\/PHOTO-PRODUIT-1-2-100x100.jpg 100w, https:\/\/espacedeseaux.com\/wp-content\/uploads\/2025\/05\/PHOTO-PRODUIT-1-2-400x400.jpg 400w, https:\/\/espacedeseaux.com\/wp-content\/uploads\/2025\/05\/PHOTO-PRODUIT-1-2-280x280.jpg 280w\" sizes=\"auto, (max-width: 480px) 100vw, 480px\" \/>\t\t\t\t\t\t\n\t\t\t\t\t<\/div>\n\t\t\t\t\t\t\t\t\n<style>\n#image_2062881333 {\n  width: 100%;\n}\n<\/style>\n\t<\/div>\n\t\n\n<blockquote><p>Offrez \u00e0 vos parcours un entretien \u00e0 la hauteur de leur prestige, gr\u00e2ce \u00e0 une irrigation de pr\u00e9cision.<\/p><\/blockquote>\n\n\n\t\t<\/div>\n\t\t\t\t\t<\/div>\n\n\t\n\n<\/div>\n\n\t\t<\/div>\n\n\t\t\n<style>\n#section_568948708 {\n  padding-top: 30px;\n  padding-bottom: 30px;\n}\n<\/style>\n\t<\/section>\n\t\n\n\t<section class=\"section\" id=\"section_1789983683\">\n\t\t<div class=\"section-bg fill\" >\n\t\t\t\t\t\t\t\t\t<div class=\"section-bg-overlay absolute fill\"><\/div>\n\t\t\t\n\n\t\t<\/div>\n\n\t\t\n\n\t\t<div class=\"section-content relative\">\n\t\t\t\n\n<div class=\"row\"  id=\"row-1044625751\">\n\n\n\t<div id=\"col-2115619214\" class=\"col small-12 large-12\"  >\n\t\t\t\t<div class=\"col-inner\"  >\n\t\t\t\n\t\t\t\n\n<div class=\"container section-title-container\" ><h3 class=\"section-title section-title-center\"><b aria-hidden=\"true\"><\/b><span class=\"section-title-main\" >Liste des cat\u00e9gories<\/span><b aria-hidden=\"true\"><\/b><\/h3><\/div>\n\n\n  \n    <div id=\"cats-1300795457\" class=\"row large-columns-3 medium-columns- small-columns-2 row-small row-masonry\" data-packery-options='{\"itemSelector\": \".col\", \"gutter\": 0, \"presentageWidth\" : true}'>\n\n  <div class=\"product-category col\" data-animate=\"fadeInLeft\">\n            <div class=\"col-inner\">\n              <a aria-label=\"Acc\u00e9der \u00e0 la cat\u00e9gorie de produits ACCESSOIRES GOLF\" href=\"https:\/\/www.espacedeseaux.com\/?product_cat=accessoires-golf\">                <div class=\"box box-category has-hover box-overlay dark box-text-middle \">\n                <div class=\"box-image\" >\n                  <div class=\"image-cover\" style=\"padding-top:100%;\">\n                  <img loading=\"lazy\" decoding=\"async\" src=\"https:\/\/espacedeseaux.com\/wp-content\/uploads\/2025\/05\/PHOTO-DU-PRODUIT-18.jpg\" alt=\"ACCESSOIRES GOLF\" width=\"300\" height=\"300\" \/>                  <div class=\"overlay\" style=\"background-color: rgba(38, 38, 38, 0.16)\"><\/div>                                    <\/div>\n                <\/div>\n                <div class=\"box-text text-center is-large\" >\n                  <div class=\"box-text-inner\">\n                      <h5 class=\"uppercase header-title\">\n                              ACCESSOIRES GOLF                      <\/h5>\n                                            <p class=\"is-xsmall uppercase count show-on-hover hover-reveal reveal-small\">\n\t                      3 Produits                      <\/p>\n                                            \n                  <\/div>\n                <\/div>\n                <\/div>\n            <\/a>            <\/div>\n            <\/div><div class=\"product-category col\" data-animate=\"fadeInLeft\">\n            <div class=\"col-inner\">\n              <a aria-label=\"Acc\u00e9der \u00e0 la cat\u00e9gorie de produits ARROSEURS GOLF\" href=\"https:\/\/www.espacedeseaux.com\/?product_cat=arroseurs-golf\">                <div class=\"box box-category has-hover box-overlay dark box-text-middle \">\n                <div class=\"box-image\" >\n                  <div class=\"image-cover\" style=\"padding-top:100%;\">\n                  <img loading=\"lazy\" decoding=\"async\" src=\"https:\/\/espacedeseaux.com\/wp-content\/uploads\/2025\/05\/PHOTO-INITIAL-DU-PRODUIT-44.jpg\" alt=\"ARROSEURS GOLF\" width=\"300\" height=\"300\" \/>                  <div class=\"overlay\" style=\"background-color: rgba(38, 38, 38, 0.16)\"><\/div>                                    <\/div>\n                <\/div>\n                <div class=\"box-text text-center is-large\" >\n                  <div class=\"box-text-inner\">\n                      <h5 class=\"uppercase header-title\">\n                              ARROSEURS GOLF                      <\/h5>\n                                            <p class=\"is-xsmall uppercase count show-on-hover hover-reveal reveal-small\">\n\t                      8 Produits                      <\/p>\n                                            \n                  <\/div>\n                <\/div>\n                <\/div>\n            <\/a>            <\/div>\n            <\/div><div class=\"product-category col\" data-animate=\"fadeInLeft\">\n            <div class=\"col-inner\">\n              <a aria-label=\"Acc\u00e9der \u00e0 la cat\u00e9gorie de produits CENTRAL DE COMMANDE GOLF\" href=\"https:\/\/www.espacedeseaux.com\/?product_cat=central-de-commande-golf\">                <div class=\"box box-category has-hover box-overlay dark box-text-middle \">\n                <div class=\"box-image\" >\n                  <div class=\"image-cover\" style=\"padding-top:100%;\">\n                  <img loading=\"lazy\" decoding=\"async\" src=\"https:\/\/espacedeseaux.com\/wp-content\/uploads\/2025\/05\/PHOTO-INITIAL-DU-PRODUIT-45-945x800.jpg\" alt=\"CENTRAL DE COMMANDE GOLF\" width=\"300\" height=\"300\" \/>                  <div class=\"overlay\" style=\"background-color: rgba(38, 38, 38, 0.16)\"><\/div>                                    <\/div>\n                <\/div>\n                <div class=\"box-text text-center is-large\" >\n                  <div class=\"box-text-inner\">\n                      <h5 class=\"uppercase header-title\">\n                              CENTRAL DE COMMANDE GOLF                      <\/h5>\n                                            <p class=\"is-xsmall uppercase count show-on-hover hover-reveal reveal-small\">\n\t                      5 Produits                      <\/p>\n                                            \n                  <\/div>\n                <\/div>\n                <\/div>\n            <\/a>            <\/div>\n            <\/div><\/div>\n\n\n\t\t<\/div>\n\t\t\t\t\t<\/div>\n\n\t\n\n<\/div>\n\n\t\t<\/div>\n\n\t\t\n<style>\n#section_1789983683 {\n  padding-top: 60px;\n  padding-bottom: 60px;\n  background-color: rgb(255, 255, 255);\n}\n#section_1789983683 .section-bg-overlay {\n  background-color: rgba(255, 255, 255, 0.85);\n}\n<\/style>\n\t<\/section>\n\t\n\n","protected":false},"excerpt":{"rendered":"","protected":false},"author":1,"featured_media":710,"parent":274,"menu_order":2,"comment_status":"closed","ping_status":"closed","template":"page-blank.php","meta":{"footnotes":""},"class_list":["post-318","page","type-page","status-publish","has-post-thumbnail","hentry"],"_links":{"self":[{"href":"https:\/\/www.espacedeseaux.com\/index.php?rest_route=\/wp\/v2\/pages\/318","targetHints":{"allow":["GET"]}}],"collection":[{"href":"https:\/\/www.espacedeseaux.com\/index.php?rest_route=\/wp\/v2\/pages"}],"about":[{"href":"https:\/\/www.espacedeseaux.com\/index.php?rest_route=\/wp\/v2\/types\/page"}],"author":[{"embeddable":true,"href":"https:\/\/www.espacedeseaux.com\/index.php?rest_route=\/wp\/v2\/users\/1"}],"replies":[{"embeddable":true,"href":"https:\/\/www.espacedeseaux.com\/index.php?rest_route=%2Fwp%2Fv2%2Fcomments&post=318"}],"version-history":[{"count":13,"href":"https:\/\/www.espacedeseaux.com\/index.php?rest_route=\/wp\/v2\/pages\/318\/revisions"}],"predecessor-version":[{"id":965,"href":"https:\/\/www.espacedeseaux.com\/index.php?rest_route=\/wp\/v2\/pages\/318\/revisions\/965"}],"up":[{"embeddable":true,"href":"https:\/\/www.espacedeseaux.com\/index.php?rest_route=\/wp\/v2\/pages\/274"}],"wp:featuredmedia":[{"embeddable":true,"href":"https:\/\/www.espacedeseaux.com\/index.php?rest_route=\/wp\/v2\/media\/710"}],"wp:attachment":[{"href":"https:\/\/www.espacedeseaux.com\/index.php?rest_route=%2Fwp%2Fv2%2Fmedia&parent=318"}],"curies":[{"name":"wp","href":"https:\/\/api.w.org\/{rel}","templated":true}]}}