{"id":380,"date":"2025-05-14T10:57:21","date_gmt":"2025-05-14T08:57:21","guid":{"rendered":"http:\/\/espacedeseaux.com\/?post_type=product&#038;p=380"},"modified":"2025-05-14T20:29:16","modified_gmt":"2025-05-14T18:29:16","slug":"programmateur-node","status":"publish","type":"product","link":"https:\/\/www.espacedeseaux.com\/?product=programmateur-node","title":{"rendered":"PROGRAMMATEUR   NODE"},"content":{"rendered":"<p><img loading=\"lazy\" decoding=\"async\" class=\"alignnone size-medium wp-image-381\" src=\"http:\/\/espacedeseaux.com\/wp-content\/uploads\/2025\/05\/CARACTERISQTIUES-DU-PRODUIT-557x400.jpg\" alt=\"\" width=\"557\" height=\"400\" srcset=\"https:\/\/espacedeseaux.com\/wp-content\/uploads\/2025\/05\/CARACTERISQTIUES-DU-PRODUIT-557x400.jpg 557w, https:\/\/espacedeseaux.com\/wp-content\/uploads\/2025\/05\/CARACTERISQTIUES-DU-PRODUIT-510x367.jpg 510w, https:\/\/espacedeseaux.com\/wp-content\/uploads\/2025\/05\/CARACTERISQTIUES-DU-PRODUIT-768x552.jpg 768w, https:\/\/espacedeseaux.com\/wp-content\/uploads\/2025\/05\/CARACTERISQTIUES-DU-PRODUIT.jpg 1056w\" sizes=\"auto, (max-width: 557px) 100vw, 557px\" \/><\/p>\n","protected":false},"excerpt":{"rendered":"<p style=\"text-align: justify;\">Ce contr\u00f4leur \u00e9tanche aliment\u00e9 par batterie offre un contr\u00f4le automatique de l&rsquo;irrigation pour l&rsquo;irrigation temporaire et les sites sans \u00e9lectricit\u00e9.<\/p>\n<hr \/>\n<ul>\n<li style=\"text-align: left;\"><strong>Nombre de stations<\/strong> 1, 2, 4, 6<\/li>\n<li style=\"text-align: left;\"><strong>Type<\/strong> Fonctionnant sur batterie, fixe<\/li>\n<li style=\"text-align: left;\"><strong>Polyvalent<\/strong> : les mod\u00e8les vont de 1 \u00e0 6 stations avec un \u00e9ventail de fonctionnalit\u00e9s<\/li>\n<li style=\"text-align: left;\"><strong>\u00c9tanche<\/strong> : Fonctionne jusqu&rsquo;\u00e0 12 pieds d&rsquo;eau<\/li>\n<li style=\"text-align: left;\"><strong>Sans entretien<\/strong> : choisissez le kit de panneaux solaires pour un fonctionnement sans entretien<\/li>\n<\/ul>\n","protected":false},"featured_media":378,"template":"","meta":[],"product_brand":[],"product_cat":[65,64],"product_tag":[79],"class_list":{"0":"post-380","1":"product","2":"type-product","3":"status-publish","4":"has-post-thumbnail","6":"product_cat-a-pilles","7":"product_cat-programmateurs","8":"product_tag-irrigation-paysagere","10":"first","11":"instock","12":"shipping-taxable","13":"product-type-simple"},"_links":{"self":[{"href":"https:\/\/www.espacedeseaux.com\/index.php?rest_route=\/wp\/v2\/product\/380","targetHints":{"allow":["GET"]}}],"collection":[{"href":"https:\/\/www.espacedeseaux.com\/index.php?rest_route=\/wp\/v2\/product"}],"about":[{"href":"https:\/\/www.espacedeseaux.com\/index.php?rest_route=\/wp\/v2\/types\/product"}],"wp:featuredmedia":[{"embeddable":true,"href":"https:\/\/www.espacedeseaux.com\/index.php?rest_route=\/wp\/v2\/media\/378"}],"wp:attachment":[{"href":"https:\/\/www.espacedeseaux.com\/index.php?rest_route=%2Fwp%2Fv2%2Fmedia&parent=380"}],"wp:term":[{"taxonomy":"product_brand","embeddable":true,"href":"https:\/\/www.espacedeseaux.com\/index.php?rest_route=%2Fwp%2Fv2%2Fproduct_brand&post=380"},{"taxonomy":"product_cat","embeddable":true,"href":"https:\/\/www.espacedeseaux.com\/index.php?rest_route=%2Fwp%2Fv2%2Fproduct_cat&post=380"},{"taxonomy":"product_tag","embeddable":true,"href":"https:\/\/www.espacedeseaux.com\/index.php?rest_route=%2Fwp%2Fv2%2Fproduct_tag&post=380"}],"curies":[{"name":"wp","href":"https:\/\/api.w.org\/{rel}","templated":true}]}}