{"id":393,"date":"2025-05-14T11:14:26","date_gmt":"2025-05-14T09:14:26","guid":{"rendered":"http:\/\/espacedeseaux.com\/?post_type=product&#038;p=393"},"modified":"2025-05-14T20:28:54","modified_gmt":"2025-05-14T18:28:54","slug":"programmateur-acc2","status":"publish","type":"product","link":"https:\/\/www.espacedeseaux.com\/?product=programmateur-acc2","title":{"rendered":"PROGRAMMATEUR    ACC2"},"content":{"rendered":"<p><img loading=\"lazy\" decoding=\"async\" class=\"alignnone size-medium wp-image-394\" src=\"http:\/\/espacedeseaux.com\/wp-content\/uploads\/2025\/05\/CARACTERISTIQUES-PRODUIT-1-490x400.jpg\" alt=\"\" width=\"490\" height=\"400\" srcset=\"https:\/\/espacedeseaux.com\/wp-content\/uploads\/2025\/05\/CARACTERISTIQUES-PRODUIT-1-490x400.jpg 490w, https:\/\/espacedeseaux.com\/wp-content\/uploads\/2025\/05\/CARACTERISTIQUES-PRODUIT-1-510x417.jpg 510w, https:\/\/espacedeseaux.com\/wp-content\/uploads\/2025\/05\/CARACTERISTIQUES-PRODUIT-1-768x627.jpg 768w, https:\/\/espacedeseaux.com\/wp-content\/uploads\/2025\/05\/CARACTERISTIQUES-PRODUIT-1.jpg 961w\" sizes=\"auto, (max-width: 490px) 100vw, 490px\" \/> <img loading=\"lazy\" decoding=\"async\" class=\"alignnone size-medium wp-image-395\" src=\"http:\/\/espacedeseaux.com\/wp-content\/uploads\/2025\/05\/SPECS-PRODUIT-1-488x400.jpg\" alt=\"\" width=\"488\" height=\"400\" srcset=\"https:\/\/espacedeseaux.com\/wp-content\/uploads\/2025\/05\/SPECS-PRODUIT-1-488x400.jpg 488w, https:\/\/espacedeseaux.com\/wp-content\/uploads\/2025\/05\/SPECS-PRODUIT-1-510x418.jpg 510w, https:\/\/espacedeseaux.com\/wp-content\/uploads\/2025\/05\/SPECS-PRODUIT-1-768x630.jpg 768w, https:\/\/espacedeseaux.com\/wp-content\/uploads\/2025\/05\/SPECS-PRODUIT-1.jpg 966w\" sizes=\"auto, (max-width: 488px) 100vw, 488px\" \/><\/p>\n","protected":false},"excerpt":{"rendered":"<p>Les capacit\u00e9s de surveillance et de gestion multi-flux du contr\u00f4leur de d\u00e9codeur ACC2 en font le meilleur choix pour les projets complexes.<\/p>\n<hr \/>\n<ul>\n<li><strong>Nombre de stations<\/strong> 75 \u00e0 225<\/li>\n<li>D\u00e9codeur modulaire de type<\/li>\n<li>Puissant.<\/li>\n<li>Intelligent.<\/li>\n<li>Flexible.<\/li>\n<li>Connect\u00e9.<\/li>\n<\/ul>\n","protected":false},"featured_media":396,"template":"","meta":[],"product_brand":[],"product_cat":[66,64],"product_tag":[79],"class_list":{"0":"post-393","1":"product","2":"type-product","3":"status-publish","4":"has-post-thumbnail","6":"product_cat-centralus","7":"product_cat-programmateurs","8":"product_tag-irrigation-paysagere","10":"first","11":"instock","12":"shipping-taxable","13":"product-type-simple"},"_links":{"self":[{"href":"https:\/\/www.espacedeseaux.com\/index.php?rest_route=\/wp\/v2\/product\/393","targetHints":{"allow":["GET"]}}],"collection":[{"href":"https:\/\/www.espacedeseaux.com\/index.php?rest_route=\/wp\/v2\/product"}],"about":[{"href":"https:\/\/www.espacedeseaux.com\/index.php?rest_route=\/wp\/v2\/types\/product"}],"wp:featuredmedia":[{"embeddable":true,"href":"https:\/\/www.espacedeseaux.com\/index.php?rest_route=\/wp\/v2\/media\/396"}],"wp:attachment":[{"href":"https:\/\/www.espacedeseaux.com\/index.php?rest_route=%2Fwp%2Fv2%2Fmedia&parent=393"}],"wp:term":[{"taxonomy":"product_brand","embeddable":true,"href":"https:\/\/www.espacedeseaux.com\/index.php?rest_route=%2Fwp%2Fv2%2Fproduct_brand&post=393"},{"taxonomy":"product_cat","embeddable":true,"href":"https:\/\/www.espacedeseaux.com\/index.php?rest_route=%2Fwp%2Fv2%2Fproduct_cat&post=393"},{"taxonomy":"product_tag","embeddable":true,"href":"https:\/\/www.espacedeseaux.com\/index.php?rest_route=%2Fwp%2Fv2%2Fproduct_tag&post=393"}],"curies":[{"name":"wp","href":"https:\/\/api.w.org\/{rel}","templated":true}]}}