{"id":445,"date":"2025-05-14T11:53:44","date_gmt":"2025-05-14T09:53:44","guid":{"rendered":"http:\/\/espacedeseaux.com\/?post_type=product&#038;p=445"},"modified":"2025-05-14T20:28:52","modified_gmt":"2025-05-14T18:28:52","slug":"arroseur-i20","status":"publish","type":"product","link":"https:\/\/www.espacedeseaux.com\/?product=arroseur-i20","title":{"rendered":"ARROSEUR I20"},"content":{"rendered":"<p><img loading=\"lazy\" decoding=\"async\" class=\"alignnone size-medium wp-image-446\" src=\"http:\/\/espacedeseaux.com\/wp-content\/uploads\/2025\/05\/CARACTERISQTIUES-DU-PRODUIT-9-674x400.jpg\" alt=\"\" width=\"674\" height=\"400\" srcset=\"https:\/\/espacedeseaux.com\/wp-content\/uploads\/2025\/05\/CARACTERISQTIUES-DU-PRODUIT-9-674x400.jpg 674w, https:\/\/espacedeseaux.com\/wp-content\/uploads\/2025\/05\/CARACTERISQTIUES-DU-PRODUIT-9-510x303.jpg 510w, https:\/\/espacedeseaux.com\/wp-content\/uploads\/2025\/05\/CARACTERISQTIUES-DU-PRODUIT-9-768x456.jpg 768w, https:\/\/espacedeseaux.com\/wp-content\/uploads\/2025\/05\/CARACTERISQTIUES-DU-PRODUIT-9.jpg 1260w\" sizes=\"auto, (max-width: 674px) 100vw, 674px\" \/> <img loading=\"lazy\" decoding=\"async\" class=\"alignnone size-medium wp-image-447\" src=\"http:\/\/espacedeseaux.com\/wp-content\/uploads\/2025\/05\/SPECS-DU-PRODUIT-800x314.jpg\" alt=\"\" width=\"800\" height=\"314\" srcset=\"https:\/\/espacedeseaux.com\/wp-content\/uploads\/2025\/05\/SPECS-DU-PRODUIT-800x314.jpg 800w, https:\/\/espacedeseaux.com\/wp-content\/uploads\/2025\/05\/SPECS-DU-PRODUIT-510x200.jpg 510w, https:\/\/espacedeseaux.com\/wp-content\/uploads\/2025\/05\/SPECS-DU-PRODUIT-768x302.jpg 768w, https:\/\/espacedeseaux.com\/wp-content\/uploads\/2025\/05\/SPECS-DU-PRODUIT.jpg 906w\" sizes=\"auto, (max-width: 800px) 100vw, 800px\" \/><\/p>\n","protected":false},"excerpt":{"rendered":"<p>L&rsquo;I-20 est dot\u00e9 de fonctionnalit\u00e9s am\u00e9lior\u00e9es telles que le contr\u00f4le FloStop\u2122*, des clapets anti-retour et des buses efficaces qui en font le choix parfait dans une gamme d&rsquo;applications.<\/p>\n<hr \/>\n<p><strong>Rayon<\/strong> de 4,9 \u00e0 14,0 m<\/p>\n<p><strong>D\u00e9bit<\/strong> de 0,07 \u00e0 3,23 m3\/h<\/p>\n<p><strong>D\u00e9bit<\/strong> de 1,2 \u00e0 53.8 I\/min<\/p>\n<p><strong>Taille d&rsquo;entr\u00e9e<\/strong> \u00be\u00a0\u00bb BSP<\/p>\n<ul>\n<li><strong>Polyvalent<\/strong> : 34 buses et 6 choix de corps<\/li>\n<li><strong>Durable<\/strong> : rev\u00eatement en caoutchouc robuste install\u00e9 en usine<\/li>\n<li><strong>R\u00e9glable<\/strong> : r\u00e9glage de l&rsquo;arc de 50\u00b0 \u00e0 360\u00b0 avec r\u00e9glage facile par le haut<\/li>\n<\/ul>\n","protected":false},"featured_media":448,"template":"","meta":[],"product_brand":[],"product_cat":[63],"product_tag":[79],"class_list":{"0":"post-445","1":"product","2":"type-product","3":"status-publish","4":"has-post-thumbnail","6":"product_cat-arroseurs","7":"product_tag-irrigation-paysagere","9":"first","10":"instock","11":"shipping-taxable","12":"product-type-simple"},"_links":{"self":[{"href":"https:\/\/www.espacedeseaux.com\/index.php?rest_route=\/wp\/v2\/product\/445","targetHints":{"allow":["GET"]}}],"collection":[{"href":"https:\/\/www.espacedeseaux.com\/index.php?rest_route=\/wp\/v2\/product"}],"about":[{"href":"https:\/\/www.espacedeseaux.com\/index.php?rest_route=\/wp\/v2\/types\/product"}],"wp:featuredmedia":[{"embeddable":true,"href":"https:\/\/www.espacedeseaux.com\/index.php?rest_route=\/wp\/v2\/media\/448"}],"wp:attachment":[{"href":"https:\/\/www.espacedeseaux.com\/index.php?rest_route=%2Fwp%2Fv2%2Fmedia&parent=445"}],"wp:term":[{"taxonomy":"product_brand","embeddable":true,"href":"https:\/\/www.espacedeseaux.com\/index.php?rest_route=%2Fwp%2Fv2%2Fproduct_brand&post=445"},{"taxonomy":"product_cat","embeddable":true,"href":"https:\/\/www.espacedeseaux.com\/index.php?rest_route=%2Fwp%2Fv2%2Fproduct_cat&post=445"},{"taxonomy":"product_tag","embeddable":true,"href":"https:\/\/www.espacedeseaux.com\/index.php?rest_route=%2Fwp%2Fv2%2Fproduct_tag&post=445"}],"curies":[{"name":"wp","href":"https:\/\/api.w.org\/{rel}","templated":true}]}}