{"id":478,"date":"2025-05-14T12:12:35","date_gmt":"2025-05-14T10:12:35","guid":{"rendered":"http:\/\/espacedeseaux.com\/?post_type=product&#038;p=478"},"modified":"2025-05-14T20:28:51","modified_gmt":"2025-05-14T18:28:51","slug":"pgv-1-pouce","status":"publish","type":"product","link":"https:\/\/www.espacedeseaux.com\/?product=pgv-1-pouce","title":{"rendered":"PGV 1 POUCE"},"content":{"rendered":"<p><img loading=\"lazy\" decoding=\"async\" class=\"alignnone size-medium wp-image-479\" src=\"http:\/\/espacedeseaux.com\/wp-content\/uploads\/2025\/05\/CARACTERISQTIUES-DU-PRODUIT-15-800x388.jpg\" alt=\"\" width=\"800\" height=\"388\" srcset=\"https:\/\/espacedeseaux.com\/wp-content\/uploads\/2025\/05\/CARACTERISQTIUES-DU-PRODUIT-15-800x388.jpg 800w, https:\/\/espacedeseaux.com\/wp-content\/uploads\/2025\/05\/CARACTERISQTIUES-DU-PRODUIT-15-510x247.jpg 510w, https:\/\/espacedeseaux.com\/wp-content\/uploads\/2025\/05\/CARACTERISQTIUES-DU-PRODUIT-15-768x372.jpg 768w, https:\/\/espacedeseaux.com\/wp-content\/uploads\/2025\/05\/CARACTERISQTIUES-DU-PRODUIT-15.jpg 1231w\" sizes=\"auto, (max-width: 800px) 100vw, 800px\" \/><\/p>\n","protected":false},"excerpt":{"rendered":"<p>Vannes d&rsquo;irrigation tr\u00e8s polyvalentes et robustes pour une installation et une maintenance simples. 100 % des vannes Hunter sont test\u00e9es \u00e0 l&rsquo;eau.<\/p>\n<hr \/>\n<p><strong>Entr\u00e9e \/ Sortie<\/strong> 1&Prime; (25 mm)<\/p>\n<p><strong>D\u00e9bit<\/strong> de 0,05 \u00e0 9 m\u00b0\/h; de 0,7 \u00e0 150 I\/min<\/p>\n<ul>\n<li>Le sol\u00e9no\u00efde commun minimise les besoins en inventaire<\/li>\n<li>La conception du sol\u00e9no\u00efde \u00e0 flux invers\u00e9 prot\u00e8ge contre les surtensions<\/li>\n<li>Le diaphragme \u00e0 double bourrelet offre des performances sans fuite<\/li>\n<li>100 % test\u00e9 \u00e0 l&rsquo;eau en usine pour v\u00e9rifier le fonctionnement<\/li>\n<\/ul>\n","protected":false},"featured_media":480,"template":"","meta":[],"product_brand":[],"product_cat":[69],"product_tag":[79],"class_list":{"0":"post-478","1":"product","2":"type-product","3":"status-publish","4":"has-post-thumbnail","6":"product_cat-electrovannes","7":"product_tag-irrigation-paysagere","9":"first","10":"instock","11":"shipping-taxable","12":"product-type-simple"},"_links":{"self":[{"href":"https:\/\/www.espacedeseaux.com\/index.php?rest_route=\/wp\/v2\/product\/478","targetHints":{"allow":["GET"]}}],"collection":[{"href":"https:\/\/www.espacedeseaux.com\/index.php?rest_route=\/wp\/v2\/product"}],"about":[{"href":"https:\/\/www.espacedeseaux.com\/index.php?rest_route=\/wp\/v2\/types\/product"}],"wp:featuredmedia":[{"embeddable":true,"href":"https:\/\/www.espacedeseaux.com\/index.php?rest_route=\/wp\/v2\/media\/480"}],"wp:attachment":[{"href":"https:\/\/www.espacedeseaux.com\/index.php?rest_route=%2Fwp%2Fv2%2Fmedia&parent=478"}],"wp:term":[{"taxonomy":"product_brand","embeddable":true,"href":"https:\/\/www.espacedeseaux.com\/index.php?rest_route=%2Fwp%2Fv2%2Fproduct_brand&post=478"},{"taxonomy":"product_cat","embeddable":true,"href":"https:\/\/www.espacedeseaux.com\/index.php?rest_route=%2Fwp%2Fv2%2Fproduct_cat&post=478"},{"taxonomy":"product_tag","embeddable":true,"href":"https:\/\/www.espacedeseaux.com\/index.php?rest_route=%2Fwp%2Fv2%2Fproduct_tag&post=478"}],"curies":[{"name":"wp","href":"https:\/\/api.w.org\/{rel}","templated":true}]}}