{"id":558,"date":"2025-05-14T19:07:00","date_gmt":"2025-05-14T17:07:00","guid":{"rendered":"http:\/\/espacedeseaux.com\/?post_type=product&#038;p=558"},"modified":"2025-05-14T20:28:26","modified_gmt":"2025-05-14T18:28:26","slug":"buses-a-bulleurs","status":"publish","type":"product","link":"https:\/\/www.espacedeseaux.com\/?product=buses-a-bulleurs","title":{"rendered":"BUSES A BULLEURS"},"content":{"rendered":"<p><img loading=\"lazy\" decoding=\"async\" class=\"alignnone size-medium wp-image-559\" src=\"http:\/\/espacedeseaux.com\/wp-content\/uploads\/2025\/05\/CARACTERISQTIUES-DU-PRODUIT-31-800x320.jpg\" alt=\"\" width=\"800\" height=\"320\" srcset=\"https:\/\/espacedeseaux.com\/wp-content\/uploads\/2025\/05\/CARACTERISQTIUES-DU-PRODUIT-31-800x320.jpg 800w, https:\/\/espacedeseaux.com\/wp-content\/uploads\/2025\/05\/CARACTERISQTIUES-DU-PRODUIT-31-510x204.jpg 510w, https:\/\/espacedeseaux.com\/wp-content\/uploads\/2025\/05\/CARACTERISQTIUES-DU-PRODUIT-31-768x307.jpg 768w, https:\/\/espacedeseaux.com\/wp-content\/uploads\/2025\/05\/CARACTERISQTIUES-DU-PRODUIT-31.jpg 1163w\" sizes=\"auto, (max-width: 800px) 100vw, 800px\" \/><\/p>\n","protected":false},"excerpt":{"rendered":"<p>D\u00e9livrez un d\u00e9bit r\u00e9gulier quelle que soit la pression d&rsquo;entr\u00e9e gr\u00e2ce aux buses de type bubblers.<\/p>\n<hr \/>\n<p><strong>Application<\/strong> R\u00e9sidentiel\/Municipale<\/p>\n<p><strong>Port\u00e9e<\/strong> 0 30 \u00e0 0.46 m<\/p>\n<ul>\n<li>Compensation de pression pour un d\u00e9bit d&rsquo;eau r\u00e9gulier \u00e0 n&rsquo;importe quelle pression<\/li>\n<li>Con\u00e7ues pour l&rsquo;arrosage en profondeur des surfaces cultiv\u00e9es\/v\u00e9g\u00e9talis\u00e9es<\/li>\n<li>Buse filet\u00e9e compatible avec les arroseurs Pro-Spray<\/li>\n<\/ul>\n","protected":false},"featured_media":560,"template":"","meta":[],"product_brand":[],"product_cat":[77,74],"product_tag":[79],"class_list":{"0":"post-558","1":"product","2":"type-product","3":"status-publish","4":"has-post-thumbnail","6":"product_cat-buses","7":"product_cat-tuyeres-buses","8":"product_tag-irrigation-paysagere","10":"first","11":"instock","12":"shipping-taxable","13":"product-type-simple"},"_links":{"self":[{"href":"https:\/\/www.espacedeseaux.com\/index.php?rest_route=\/wp\/v2\/product\/558","targetHints":{"allow":["GET"]}}],"collection":[{"href":"https:\/\/www.espacedeseaux.com\/index.php?rest_route=\/wp\/v2\/product"}],"about":[{"href":"https:\/\/www.espacedeseaux.com\/index.php?rest_route=\/wp\/v2\/types\/product"}],"wp:featuredmedia":[{"embeddable":true,"href":"https:\/\/www.espacedeseaux.com\/index.php?rest_route=\/wp\/v2\/media\/560"}],"wp:attachment":[{"href":"https:\/\/www.espacedeseaux.com\/index.php?rest_route=%2Fwp%2Fv2%2Fmedia&parent=558"}],"wp:term":[{"taxonomy":"product_brand","embeddable":true,"href":"https:\/\/www.espacedeseaux.com\/index.php?rest_route=%2Fwp%2Fv2%2Fproduct_brand&post=558"},{"taxonomy":"product_cat","embeddable":true,"href":"https:\/\/www.espacedeseaux.com\/index.php?rest_route=%2Fwp%2Fv2%2Fproduct_cat&post=558"},{"taxonomy":"product_tag","embeddable":true,"href":"https:\/\/www.espacedeseaux.com\/index.php?rest_route=%2Fwp%2Fv2%2Fproduct_tag&post=558"}],"curies":[{"name":"wp","href":"https:\/\/api.w.org\/{rel}","templated":true}]}}