{"id":720,"date":"2025-05-14T22:28:08","date_gmt":"2025-05-14T20:28:08","guid":{"rendered":"http:\/\/espacedeseaux.com\/?post_type=product&#038;p=720"},"modified":"2025-05-14T22:29:55","modified_gmt":"2025-05-14T20:29:55","slug":"programmateur-acc2-2","status":"publish","type":"product","link":"https:\/\/www.espacedeseaux.com\/?product=programmateur-acc2-2","title":{"rendered":"PROGRAMMATEUR    ACC2"},"content":{"rendered":"<p><img loading=\"lazy\" decoding=\"async\" class=\"alignnone size-medium wp-image-721\" src=\"http:\/\/espacedeseaux.com\/wp-content\/uploads\/2025\/05\/CARACTERISTIQUES-PRODUIT-5-490x400.jpg\" alt=\"\" width=\"490\" height=\"400\" srcset=\"https:\/\/espacedeseaux.com\/wp-content\/uploads\/2025\/05\/CARACTERISTIQUES-PRODUIT-5-490x400.jpg 490w, https:\/\/espacedeseaux.com\/wp-content\/uploads\/2025\/05\/CARACTERISTIQUES-PRODUIT-5-510x417.jpg 510w, https:\/\/espacedeseaux.com\/wp-content\/uploads\/2025\/05\/CARACTERISTIQUES-PRODUIT-5-768x627.jpg 768w, https:\/\/espacedeseaux.com\/wp-content\/uploads\/2025\/05\/CARACTERISTIQUES-PRODUIT-5.jpg 961w\" sizes=\"auto, (max-width: 490px) 100vw, 490px\" \/> <img loading=\"lazy\" decoding=\"async\" class=\"alignnone size-medium wp-image-722\" src=\"http:\/\/espacedeseaux.com\/wp-content\/uploads\/2025\/05\/SPECS-PRODUIT-5-488x400.jpg\" alt=\"\" width=\"488\" height=\"400\" srcset=\"https:\/\/espacedeseaux.com\/wp-content\/uploads\/2025\/05\/SPECS-PRODUIT-5-488x400.jpg 488w, https:\/\/espacedeseaux.com\/wp-content\/uploads\/2025\/05\/SPECS-PRODUIT-5-510x418.jpg 510w, https:\/\/espacedeseaux.com\/wp-content\/uploads\/2025\/05\/SPECS-PRODUIT-5-768x630.jpg 768w, https:\/\/espacedeseaux.com\/wp-content\/uploads\/2025\/05\/SPECS-PRODUIT-5.jpg 966w\" sizes=\"auto, (max-width: 488px) 100vw, 488px\" \/><\/p>\n","protected":false},"excerpt":{"rendered":"<p>Les capacit\u00e9s de surveillance et de gestion multi-flux du contr\u00f4leur de d\u00e9codeur ACC2 en font le meilleur choix pour les projets complexes.<\/p>\n<hr \/>\n<p><strong>Nombre de stations<\/strong> 75 \u00e0 225<br \/>\n<strong>D\u00e9codeur<\/strong> modulaire de type<br \/>\n<strong>Puissant<\/strong>.<br \/>\n<strong>Intelligent<\/strong>.<br \/>\n<strong>Flexible<\/strong>.<br \/>\nConnect\u00e9.<\/p>\n","protected":false},"featured_media":723,"template":"","meta":[],"product_brand":[],"product_cat":[85,82,86,88],"product_tag":[],"class_list":{"0":"post-720","1":"product","2":"type-product","3":"status-publish","4":"has-post-thumbnail","6":"product_cat-arrosage-automatique","7":"product_cat-central-de-commande-golf","8":"product_cat-irrigation-golf","9":"product_cat-programmateurs-central-de-commande-golf","11":"first","12":"instock","13":"shipping-taxable","14":"product-type-simple"},"_links":{"self":[{"href":"https:\/\/www.espacedeseaux.com\/index.php?rest_route=\/wp\/v2\/product\/720","targetHints":{"allow":["GET"]}}],"collection":[{"href":"https:\/\/www.espacedeseaux.com\/index.php?rest_route=\/wp\/v2\/product"}],"about":[{"href":"https:\/\/www.espacedeseaux.com\/index.php?rest_route=\/wp\/v2\/types\/product"}],"wp:featuredmedia":[{"embeddable":true,"href":"https:\/\/www.espacedeseaux.com\/index.php?rest_route=\/wp\/v2\/media\/723"}],"wp:attachment":[{"href":"https:\/\/www.espacedeseaux.com\/index.php?rest_route=%2Fwp%2Fv2%2Fmedia&parent=720"}],"wp:term":[{"taxonomy":"product_brand","embeddable":true,"href":"https:\/\/www.espacedeseaux.com\/index.php?rest_route=%2Fwp%2Fv2%2Fproduct_brand&post=720"},{"taxonomy":"product_cat","embeddable":true,"href":"https:\/\/www.espacedeseaux.com\/index.php?rest_route=%2Fwp%2Fv2%2Fproduct_cat&post=720"},{"taxonomy":"product_tag","embeddable":true,"href":"https:\/\/www.espacedeseaux.com\/index.php?rest_route=%2Fwp%2Fv2%2Fproduct_tag&post=720"}],"curies":[{"name":"wp","href":"https:\/\/api.w.org\/{rel}","templated":true}]}}