{"id":753,"date":"2025-05-16T16:44:35","date_gmt":"2025-05-16T14:44:35","guid":{"rendered":"http:\/\/espacedeseaux.com\/?post_type=product&#038;p=753"},"modified":"2025-05-16T16:52:36","modified_gmt":"2025-05-16T14:52:36","slug":"ajutage-comet","status":"publish","type":"product","link":"https:\/\/www.espacedeseaux.com\/?product=ajutage-comet","title":{"rendered":"AJUTAGE COMET"},"content":{"rendered":"<ul>\n<li>Joint \u00e0 rotule pour une inclinaison jusqu&rsquo;\u00e0 15\u00b0 par rapport \u00e0 la verticale<\/li>\n<li>Multiple possibilit\u00e9s d&rsquo;utilisation : utilisable seul ou en groupe<\/li>\n<li>Hauteur du jet 4,00 m<\/li>\n<\/ul>\n","protected":false},"excerpt":{"rendered":"<p>La buse \u00e0 jet unique avec redresseur de flux produit un jet plein clair et stable au vent, quel que soit le niveau d&rsquo;eau. Que ce soit comme fontaine individuelle ou en groupe avec plusieurs buses la Komet T en laiton vous permet de cr\u00e9er des jeux d&rsquo;eau totalement individuels.<\/p>\n<p>Ceci est \u00e9galement assur\u00e9 par la grande vari\u00e9t\u00e9 avec 15 mod\u00e8les diff\u00e9rents et des hauteurs de fontaine de 0,5 \u00e0 14 m. Leur point commun est la rotule qui permet d&rsquo;orienter le jet jusqu&rsquo;\u00e0 15\u00b0 par rapport \u00e0 la verticale, une autre fa\u00e7on de cr\u00e9er des motifs d&rsquo;eau int\u00e9ressants.<\/p>\n","protected":false},"featured_media":755,"template":"","meta":[],"product_brand":[],"product_cat":[91,95,90,89],"product_tag":[],"class_list":{"0":"post-753","1":"product","2":"type-product","3":"status-publish","4":"has-post-thumbnail","6":"product_cat-ajutages","7":"product_cat-classiques","8":"product_cat-fontaine-musicale","9":"product_cat-fontaines","11":"first","12":"instock","13":"shipping-taxable","14":"product-type-simple"},"_links":{"self":[{"href":"https:\/\/www.espacedeseaux.com\/index.php?rest_route=\/wp\/v2\/product\/753","targetHints":{"allow":["GET"]}}],"collection":[{"href":"https:\/\/www.espacedeseaux.com\/index.php?rest_route=\/wp\/v2\/product"}],"about":[{"href":"https:\/\/www.espacedeseaux.com\/index.php?rest_route=\/wp\/v2\/types\/product"}],"wp:featuredmedia":[{"embeddable":true,"href":"https:\/\/www.espacedeseaux.com\/index.php?rest_route=\/wp\/v2\/media\/755"}],"wp:attachment":[{"href":"https:\/\/www.espacedeseaux.com\/index.php?rest_route=%2Fwp%2Fv2%2Fmedia&parent=753"}],"wp:term":[{"taxonomy":"product_brand","embeddable":true,"href":"https:\/\/www.espacedeseaux.com\/index.php?rest_route=%2Fwp%2Fv2%2Fproduct_brand&post=753"},{"taxonomy":"product_cat","embeddable":true,"href":"https:\/\/www.espacedeseaux.com\/index.php?rest_route=%2Fwp%2Fv2%2Fproduct_cat&post=753"},{"taxonomy":"product_tag","embeddable":true,"href":"https:\/\/www.espacedeseaux.com\/index.php?rest_route=%2Fwp%2Fv2%2Fproduct_tag&post=753"}],"curies":[{"name":"wp","href":"https:\/\/api.w.org\/{rel}","templated":true}]}}