{"id":769,"date":"2025-05-16T17:27:52","date_gmt":"2025-05-16T15:27:52","guid":{"rendered":"http:\/\/espacedeseaux.com\/?post_type=product&#038;p=769"},"modified":"2025-05-16T17:33:28","modified_gmt":"2025-05-16T15:33:28","slug":"ajutage-vulcan","status":"publish","type":"product","link":"https:\/\/www.espacedeseaux.com\/?product=ajutage-vulcan","title":{"rendered":"AJUTAGE VULCAN"},"content":{"rendered":"<ul>\n<li>Fontaine \u00e0 43 jets<\/li>\n<li>4 niveaux<\/li>\n<li>Jet o 3,0 mm<\/li>\n<li>Superbe figure aquatique \u00e0 plusieurs niveaux<\/li>\n<li>Facile \u00e0 nettoyer<\/li>\n<\/ul>\n","protected":false},"excerpt":{"rendered":"<p>Chapeau de fontaine \u00e0 43 jets en tombak pour pompes \u00e0 jeux d&rsquo;eau avec raccord 1.<\/p>\n<p>Les jets d&rsquo;eau sont dispos\u00e9s en trois \u00e9tapes, de sorte que l&rsquo;optique rappelle une \u00e9ruption volcanique.<\/p>\n<p>Convient par exemple pour OASE Aquarius Fontain Set 4000 &#8211; 12000 ou OASE Aquarius Universal 21000 &#8211; 40000.<\/p>\n<p>Le diam\u00e8tre et la hauteur de la fontaine varient selon la puissance de la pompe (par exemple Aquarius Fountain Set 8000, hauteur 140 cm, diam\u00e8tre 105 cm).<\/p>\n","protected":false},"featured_media":770,"template":"","meta":[],"product_brand":[],"product_cat":[91,95,90,89],"product_tag":[],"class_list":{"0":"post-769","1":"product","2":"type-product","3":"status-publish","4":"has-post-thumbnail","6":"product_cat-ajutages","7":"product_cat-classiques","8":"product_cat-fontaine-musicale","9":"product_cat-fontaines","11":"first","12":"instock","13":"shipping-taxable","14":"product-type-simple"},"_links":{"self":[{"href":"https:\/\/www.espacedeseaux.com\/index.php?rest_route=\/wp\/v2\/product\/769","targetHints":{"allow":["GET"]}}],"collection":[{"href":"https:\/\/www.espacedeseaux.com\/index.php?rest_route=\/wp\/v2\/product"}],"about":[{"href":"https:\/\/www.espacedeseaux.com\/index.php?rest_route=\/wp\/v2\/types\/product"}],"wp:featuredmedia":[{"embeddable":true,"href":"https:\/\/www.espacedeseaux.com\/index.php?rest_route=\/wp\/v2\/media\/770"}],"wp:attachment":[{"href":"https:\/\/www.espacedeseaux.com\/index.php?rest_route=%2Fwp%2Fv2%2Fmedia&parent=769"}],"wp:term":[{"taxonomy":"product_brand","embeddable":true,"href":"https:\/\/www.espacedeseaux.com\/index.php?rest_route=%2Fwp%2Fv2%2Fproduct_brand&post=769"},{"taxonomy":"product_cat","embeddable":true,"href":"https:\/\/www.espacedeseaux.com\/index.php?rest_route=%2Fwp%2Fv2%2Fproduct_cat&post=769"},{"taxonomy":"product_tag","embeddable":true,"href":"https:\/\/www.espacedeseaux.com\/index.php?rest_route=%2Fwp%2Fv2%2Fproduct_tag&post=769"}],"curies":[{"name":"wp","href":"https:\/\/api.w.org\/{rel}","templated":true}]}}