{"id":778,"date":"2025-05-19T11:07:12","date_gmt":"2025-05-19T09:07:12","guid":{"rendered":"http:\/\/espacedeseaux.com\/?post_type=product&#038;p=778"},"modified":"2025-05-19T11:15:56","modified_gmt":"2025-05-19T09:15:56","slug":"ajutage-crown","status":"publish","type":"product","link":"https:\/\/www.espacedeseaux.com\/?product=ajutage-crown","title":{"rendered":"AJUTAGE CROWN"},"content":{"rendered":"<ul>\n<li>24 jets pr\u00e9cis mesurant 6 mm de diam\u00e8tre<\/li>\n<li>Ind\u00e9pendant du niveau de l&rsquo;eau<\/li>\n<li>Fabriqu\u00e9 en acier inox<\/li>\n<li>Crown Nozzle pour eau de mer sur demande<\/li>\n<\/ul>\n","protected":false},"excerpt":{"rendered":"<p>La buse Crown est une buse multi-jets. Ses 24 sorties fixes, perc\u00e9es et inclin\u00e9es, produisent un jet d&rsquo;eau majestueux et permettent d&rsquo;atteindre une hauteur de fontaine allant jusqu&rsquo;\u00e0 5 m\u00e8tres.<\/p>\n<p>La buse Crown produit 24 jets simples, clairs et pr\u00e9cis, de 6 mm de diam\u00e8tre chacun. Cette buse en acier inoxydable convient aux applications en eau douce et en eau de piscine. Associ\u00e9e aux pompes Varionaut, la buse Crown cr\u00e9e des motifs d&rsquo;eau spectaculaires et dynamiques. Des images d&rsquo;eau encore plus saisissantes et dynamiques peuvent \u00eatre cr\u00e9\u00e9es en combinant la buse Crown et la Dompe Varionaut avec les buses VarioJet 42-15\/55-20 (58906).<\/p>\n","protected":false},"featured_media":780,"template":"","meta":[],"product_brand":[],"product_cat":[91,96,90,89],"product_tag":[],"class_list":{"0":"post-778","1":"product","2":"type-product","3":"status-publish","4":"has-post-thumbnail","6":"product_cat-ajutages","7":"product_cat-controlable","8":"product_cat-fontaine-musicale","9":"product_cat-fontaines","11":"first","12":"instock","13":"shipping-taxable","14":"product-type-simple"},"_links":{"self":[{"href":"https:\/\/www.espacedeseaux.com\/index.php?rest_route=\/wp\/v2\/product\/778","targetHints":{"allow":["GET"]}}],"collection":[{"href":"https:\/\/www.espacedeseaux.com\/index.php?rest_route=\/wp\/v2\/product"}],"about":[{"href":"https:\/\/www.espacedeseaux.com\/index.php?rest_route=\/wp\/v2\/types\/product"}],"wp:featuredmedia":[{"embeddable":true,"href":"https:\/\/www.espacedeseaux.com\/index.php?rest_route=\/wp\/v2\/media\/780"}],"wp:attachment":[{"href":"https:\/\/www.espacedeseaux.com\/index.php?rest_route=%2Fwp%2Fv2%2Fmedia&parent=778"}],"wp:term":[{"taxonomy":"product_brand","embeddable":true,"href":"https:\/\/www.espacedeseaux.com\/index.php?rest_route=%2Fwp%2Fv2%2Fproduct_brand&post=778"},{"taxonomy":"product_cat","embeddable":true,"href":"https:\/\/www.espacedeseaux.com\/index.php?rest_route=%2Fwp%2Fv2%2Fproduct_cat&post=778"},{"taxonomy":"product_tag","embeddable":true,"href":"https:\/\/www.espacedeseaux.com\/index.php?rest_route=%2Fwp%2Fv2%2Fproduct_tag&post=778"}],"curies":[{"name":"wp","href":"https:\/\/api.w.org\/{rel}","templated":true}]}}