{"id":786,"date":"2025-05-19T11:31:00","date_gmt":"2025-05-19T09:31:00","guid":{"rendered":"http:\/\/espacedeseaux.com\/?post_type=product&#038;p=786"},"modified":"2025-05-19T11:34:50","modified_gmt":"2025-05-19T09:34:50","slug":"ajutage-finger","status":"publish","type":"product","link":"https:\/\/www.espacedeseaux.com\/?product=ajutage-finger","title":{"rendered":"AJUTAGE FINGER"},"content":{"rendered":"<ul>\n<li>Ajutage \u00e0 7 jets<\/li>\n<li>Diam\u00e8tre du jet 10 mm<\/li>\n<\/ul>\n","protected":false},"excerpt":{"rendered":"<p>La buse \u00e0 doigts 7-15 E g\u00e9n\u00e8re sept jets simples et clairs.<\/p>\n<p>Cette buse multi-jets en acier inoxydable convient aux applications en eau douce, en eau de piscine et en eau de mer. Les jets d&rsquo;eau ind\u00e9pendants du niveau d&rsquo;eau et dans une large mesure stables au vent atteignent une hauteur de fontaine maximale de 4 m\u00e8tres.<\/p>\n","protected":false},"featured_media":787,"template":"","meta":[],"product_brand":[],"product_cat":[91,96,90,89],"product_tag":[],"class_list":{"0":"post-786","1":"product","2":"type-product","3":"status-publish","4":"has-post-thumbnail","6":"product_cat-ajutages","7":"product_cat-controlable","8":"product_cat-fontaine-musicale","9":"product_cat-fontaines","11":"first","12":"instock","13":"shipping-taxable","14":"product-type-simple"},"_links":{"self":[{"href":"https:\/\/www.espacedeseaux.com\/index.php?rest_route=\/wp\/v2\/product\/786","targetHints":{"allow":["GET"]}}],"collection":[{"href":"https:\/\/www.espacedeseaux.com\/index.php?rest_route=\/wp\/v2\/product"}],"about":[{"href":"https:\/\/www.espacedeseaux.com\/index.php?rest_route=\/wp\/v2\/types\/product"}],"wp:featuredmedia":[{"embeddable":true,"href":"https:\/\/www.espacedeseaux.com\/index.php?rest_route=\/wp\/v2\/media\/787"}],"wp:attachment":[{"href":"https:\/\/www.espacedeseaux.com\/index.php?rest_route=%2Fwp%2Fv2%2Fmedia&parent=786"}],"wp:term":[{"taxonomy":"product_brand","embeddable":true,"href":"https:\/\/www.espacedeseaux.com\/index.php?rest_route=%2Fwp%2Fv2%2Fproduct_brand&post=786"},{"taxonomy":"product_cat","embeddable":true,"href":"https:\/\/www.espacedeseaux.com\/index.php?rest_route=%2Fwp%2Fv2%2Fproduct_cat&post=786"},{"taxonomy":"product_tag","embeddable":true,"href":"https:\/\/www.espacedeseaux.com\/index.php?rest_route=%2Fwp%2Fv2%2Fproduct_tag&post=786"}],"curies":[{"name":"wp","href":"https:\/\/api.w.org\/{rel}","templated":true}]}}