{"id":789,"date":"2025-05-19T11:35:26","date_gmt":"2025-05-19T09:35:26","guid":{"rendered":"http:\/\/espacedeseaux.com\/?post_type=product&#038;p=789"},"modified":"2025-05-19T11:40:04","modified_gmt":"2025-05-19T09:40:04","slug":"ajutage-jumpingjet","status":"publish","type":"product","link":"https:\/\/www.espacedeseaux.com\/?product=ajutage-jumpingjet","title":{"rendered":"AJUTAGE JUMPINGJET"},"content":{"rendered":"<ul>\n<li>CR\u00c9\u00c9 POUR DURER: Kit complet pr\u00eat \u00e0 l&#8217;emploi avec corps robuste et pied solide en acier inoxydable (il n&rsquo;y plus qu&rsquo;\u00e0 ajouter la pompe)<\/li>\n<li>CONTR\u00d4LE \u00c0 DISTANCE: Contr\u00f4lez facilement le kit d&rsquo;extension JumpingJet Rainbow Star, de mani\u00e8re synchrone, \u00e0 l&rsquo;aide de la t\u00e9l\u00e9commande<\/li>\n<li>PLUS DE POSSIBILIT\u00c9S: Avec bo\u00eetier de commande (12 V) pour le raccordement du kit d&rsquo;extension JumpingJet Rainbow Star (non inclus)<\/li>\n<li>\u00c9VOLUTIF: Profitez de votre JumpingJet Rainbow Star avec les fonctionnalit\u00e9s suppl\u00e9mentaires du kit d&rsquo;extensio<\/li>\n<li>PACK COMPLET: Tout pour un effet spectaculaire : JumpingJet, bo\u00eetier de commande et t\u00e9l\u00e9commande; avec colliers de serrage en acier inoxydable pour fixer les flexibles et autres accessoires<\/li>\n<li>MAGNIFIQUE, PARTOUT: Peut \u00eatre utilis\u00e9 en int\u00e9rieur ou en ext\u00e9rieur<\/li>\n<li>LA BONNE POMPE: Raccordez votre JumpingJet Rainbow Star \u00e0 une pompe affichant au minimum la classe de puissance du mod\u00e8le Aquarius Universal Premium 4000<\/li>\n<\/ul>\n","protected":false},"excerpt":{"rendered":"<p>Des jets d&rsquo;eau jaillissent dans l&rsquo;air comme par magie en d\u00e9crivant de larges arcs de cercle avant de dispara\u00eetre aussi soudainement<br \/>\nqu&rsquo;ils sont apparus. Les syst\u00e8mes JumpingJet sont l&rsquo;attraction des parcs de loisirs et d&rsquo;attractions, des discoth\u00e8ques, des salons,<br \/>\ndes expositions et autres \u00e9v\u00e9nements.<\/p>\n","protected":false},"featured_media":790,"template":"","meta":[],"product_brand":[],"product_cat":[91,96,90,89],"product_tag":[],"class_list":{"0":"post-789","1":"product","2":"type-product","3":"status-publish","4":"has-post-thumbnail","6":"product_cat-ajutages","7":"product_cat-controlable","8":"product_cat-fontaine-musicale","9":"product_cat-fontaines","11":"first","12":"instock","13":"shipping-taxable","14":"product-type-simple"},"_links":{"self":[{"href":"https:\/\/www.espacedeseaux.com\/index.php?rest_route=\/wp\/v2\/product\/789","targetHints":{"allow":["GET"]}}],"collection":[{"href":"https:\/\/www.espacedeseaux.com\/index.php?rest_route=\/wp\/v2\/product"}],"about":[{"href":"https:\/\/www.espacedeseaux.com\/index.php?rest_route=\/wp\/v2\/types\/product"}],"wp:featuredmedia":[{"embeddable":true,"href":"https:\/\/www.espacedeseaux.com\/index.php?rest_route=\/wp\/v2\/media\/790"}],"wp:attachment":[{"href":"https:\/\/www.espacedeseaux.com\/index.php?rest_route=%2Fwp%2Fv2%2Fmedia&parent=789"}],"wp:term":[{"taxonomy":"product_brand","embeddable":true,"href":"https:\/\/www.espacedeseaux.com\/index.php?rest_route=%2Fwp%2Fv2%2Fproduct_brand&post=789"},{"taxonomy":"product_cat","embeddable":true,"href":"https:\/\/www.espacedeseaux.com\/index.php?rest_route=%2Fwp%2Fv2%2Fproduct_cat&post=789"},{"taxonomy":"product_tag","embeddable":true,"href":"https:\/\/www.espacedeseaux.com\/index.php?rest_route=%2Fwp%2Fv2%2Fproduct_tag&post=789"}],"curies":[{"name":"wp","href":"https:\/\/api.w.org\/{rel}","templated":true}]}}