{"id":841,"date":"2025-05-19T23:24:05","date_gmt":"2025-05-19T21:24:05","guid":{"rendered":"http:\/\/espacedeseaux.com\/?post_type=product&#038;p=841"},"modified":"2025-05-19T23:25:23","modified_gmt":"2025-05-19T21:25:23","slug":"pompe-usp","status":"publish","type":"product","link":"https:\/\/www.espacedeseaux.com\/?product=pompe-usp","title":{"rendered":"POMPE USP"},"content":{"rendered":"","protected":false},"excerpt":{"rendered":"<p>Ces pompes sont de v\u00e9ritables atouts universels : install\u00e9es sous l&rsquo;eau, elles fonctionnent comme des pompes \u00e0 moteur submersibles. Elles fonctionnent tout aussi efficacement si elles sont install\u00e9es dans une chambre de pompage s\u00e9par\u00e9e.<\/p>\n<p>Les robustes moteurs \u00e0 rotor noy\u00e9, fonctionnant en milieu humide, sont \u00e9quip\u00e9s de joints statiques.<\/p>\n<p>L&rsquo;eau entrante ne pose aucun probl\u00e8me \u00e0 ces pompes, car elles peuvent \u00eatre immerg\u00e9es. De plus, gr\u00e2ce \u00e0 des mat\u00e9riaux de haute qualit\u00e9, tels que la c\u00e9ramique sp\u00e9ciale, l&rsquo;acier inoxydable et le tombac, elles sont durables et offrent une dur\u00e9e de vie extr\u00eamement longue.<\/p>\n","protected":false},"featured_media":842,"template":"","meta":[],"product_brand":[],"product_cat":[90,89,101,93],"product_tag":[],"class_list":{"0":"post-841","1":"product","2":"type-product","3":"status-publish","4":"has-post-thumbnail","6":"product_cat-fontaine-musicale","7":"product_cat-fontaines","8":"product_cat-pompe-standard","9":"product_cat-pompes","11":"first","12":"instock","13":"shipping-taxable","14":"product-type-simple"},"_links":{"self":[{"href":"https:\/\/www.espacedeseaux.com\/index.php?rest_route=\/wp\/v2\/product\/841","targetHints":{"allow":["GET"]}}],"collection":[{"href":"https:\/\/www.espacedeseaux.com\/index.php?rest_route=\/wp\/v2\/product"}],"about":[{"href":"https:\/\/www.espacedeseaux.com\/index.php?rest_route=\/wp\/v2\/types\/product"}],"wp:featuredmedia":[{"embeddable":true,"href":"https:\/\/www.espacedeseaux.com\/index.php?rest_route=\/wp\/v2\/media\/842"}],"wp:attachment":[{"href":"https:\/\/www.espacedeseaux.com\/index.php?rest_route=%2Fwp%2Fv2%2Fmedia&parent=841"}],"wp:term":[{"taxonomy":"product_brand","embeddable":true,"href":"https:\/\/www.espacedeseaux.com\/index.php?rest_route=%2Fwp%2Fv2%2Fproduct_brand&post=841"},{"taxonomy":"product_cat","embeddable":true,"href":"https:\/\/www.espacedeseaux.com\/index.php?rest_route=%2Fwp%2Fv2%2Fproduct_cat&post=841"},{"taxonomy":"product_tag","embeddable":true,"href":"https:\/\/www.espacedeseaux.com\/index.php?rest_route=%2Fwp%2Fv2%2Fproduct_tag&post=841"}],"curies":[{"name":"wp","href":"https:\/\/api.w.org\/{rel}","templated":true}]}}