{"id":856,"date":"2025-05-20T00:03:49","date_gmt":"2025-05-19T22:03:49","guid":{"rendered":"http:\/\/espacedeseaux.com\/?post_type=product&#038;p=856"},"modified":"2025-05-20T00:05:20","modified_gmt":"2025-05-19T22:05:20","slug":"anemometre","status":"publish","type":"product","link":"https:\/\/www.espacedeseaux.com\/?product=anemometre","title":{"rendered":"ANEMOMETRE"},"content":{"rendered":"","protected":false},"excerpt":{"rendered":"<ul>\n<li>Commutation en fonction du vent en 3 \u00e9tapes<\/li>\n<li>Le contr\u00f4leur permet de r\u00e9duire les co\u00fbts de l&rsquo;eau<\/li>\n<li>L&rsquo;an\u00e9mom\u00e8tre et la commutation de la fontaine permettent un mod\u00e8le d&rsquo;eau d\u00e9pendant de la m\u00e9t\u00e9o<\/li>\n<li>Permet d&rsquo;\u00e9conomiser sur les co\u00fbts de l&rsquo;eau<\/li>\n<li>Mod\u00e8le d&rsquo;eau harmonieux d\u00e9pendant des conditions m\u00e9t\u00e9orologiques<\/li>\n<\/ul>\n","protected":false},"featured_media":857,"template":"","meta":[],"product_brand":[],"product_cat":[90,89,104,94],"product_tag":[],"class_list":{"0":"post-856","1":"product","2":"type-product","3":"status-publish","4":"has-post-thumbnail","6":"product_cat-fontaine-musicale","7":"product_cat-fontaines","8":"product_cat-surveillance-de-fontaine","9":"product_cat-systeme-de-programmation-controle-dmxrdm","11":"first","12":"instock","13":"shipping-taxable","14":"product-type-simple"},"_links":{"self":[{"href":"https:\/\/www.espacedeseaux.com\/index.php?rest_route=\/wp\/v2\/product\/856","targetHints":{"allow":["GET"]}}],"collection":[{"href":"https:\/\/www.espacedeseaux.com\/index.php?rest_route=\/wp\/v2\/product"}],"about":[{"href":"https:\/\/www.espacedeseaux.com\/index.php?rest_route=\/wp\/v2\/types\/product"}],"wp:featuredmedia":[{"embeddable":true,"href":"https:\/\/www.espacedeseaux.com\/index.php?rest_route=\/wp\/v2\/media\/857"}],"wp:attachment":[{"href":"https:\/\/www.espacedeseaux.com\/index.php?rest_route=%2Fwp%2Fv2%2Fmedia&parent=856"}],"wp:term":[{"taxonomy":"product_brand","embeddable":true,"href":"https:\/\/www.espacedeseaux.com\/index.php?rest_route=%2Fwp%2Fv2%2Fproduct_brand&post=856"},{"taxonomy":"product_cat","embeddable":true,"href":"https:\/\/www.espacedeseaux.com\/index.php?rest_route=%2Fwp%2Fv2%2Fproduct_cat&post=856"},{"taxonomy":"product_tag","embeddable":true,"href":"https:\/\/www.espacedeseaux.com\/index.php?rest_route=%2Fwp%2Fv2%2Fproduct_tag&post=856"}],"curies":[{"name":"wp","href":"https:\/\/api.w.org\/{rel}","templated":true}]}}