{"id":882,"date":"2025-05-20T10:25:51","date_gmt":"2025-05-20T08:25:51","guid":{"rendered":"http:\/\/espacedeseaux.com\/?post_type=product&#038;p=882"},"modified":"2025-05-20T10:29:43","modified_gmt":"2025-05-20T08:29:43","slug":"aspirateur-de-boues-pondomatic","status":"publish","type":"product","link":"https:\/\/www.espacedeseaux.com\/?product=aspirateur-de-boues-pondomatic","title":{"rendered":"ASPIRATEUR DE BOUES PONDOMATIC"},"content":{"rendered":"<ul>\n<li>Puissance d&rsquo;aspiration extr\u00eamement \u00e9lev\u00e9e de 1400 watts<\/li>\n<li>Hauteur d&rsquo;aspiration maximale de 2 m<\/li>\n<li>Conception compacte avec r\u00e9servoir de boues int\u00e9gr\u00e9 de 30 litres<\/li>\n<li>Activation et vidange automatiques du r\u00e9servoir gr\u00e2ce \u00e0 un contr\u00f4le de temps int\u00e9gr\u00e9<\/li>\n<li>Comprend 3 buses d&rsquo;aspiration<\/li>\n<li>Comprend un tuyau d&rsquo;aspiration de 4 m et un tuyau de refoulement de 2 m<\/li>\n<\/ul>\n","protected":false},"excerpt":{"rendered":"<p>Une puissance de 1400 watts contre les boues, les feuilles et les algues dans les bassins et les piscines !<\/p>\n<p>Cet aspirateur \u00e0 boues compact \u00e9limine efficacement et efficacement les particules de d\u00e9bris qui se sont d\u00e9pos\u00e9es au fond du bassin Jusqu&rsquo;\u00e0 une hauteur de 2 m, ces particules sont achemin\u00e9es dans le r\u00e9servoir \u00e0 boues int\u00e9gr\u00e9 de 30 I, qui peut ensuite \u00eatre vid\u00e9 !<\/p>\n","protected":false},"featured_media":883,"template":"","meta":[],"product_brand":[],"product_cat":[108,89,105],"product_tag":[],"class_list":{"0":"post-882","1":"product","2":"type-product","3":"status-publish","4":"has-post-thumbnail","6":"product_cat-filtres-aspirateurs-de-bassins_jardin-aquatique","7":"product_cat-fontaines","8":"product_cat-jardin-aquatique","10":"first","11":"instock","12":"shipping-taxable","13":"product-type-simple"},"_links":{"self":[{"href":"https:\/\/www.espacedeseaux.com\/index.php?rest_route=\/wp\/v2\/product\/882","targetHints":{"allow":["GET"]}}],"collection":[{"href":"https:\/\/www.espacedeseaux.com\/index.php?rest_route=\/wp\/v2\/product"}],"about":[{"href":"https:\/\/www.espacedeseaux.com\/index.php?rest_route=\/wp\/v2\/types\/product"}],"wp:featuredmedia":[{"embeddable":true,"href":"https:\/\/www.espacedeseaux.com\/index.php?rest_route=\/wp\/v2\/media\/883"}],"wp:attachment":[{"href":"https:\/\/www.espacedeseaux.com\/index.php?rest_route=%2Fwp%2Fv2%2Fmedia&parent=882"}],"wp:term":[{"taxonomy":"product_brand","embeddable":true,"href":"https:\/\/www.espacedeseaux.com\/index.php?rest_route=%2Fwp%2Fv2%2Fproduct_brand&post=882"},{"taxonomy":"product_cat","embeddable":true,"href":"https:\/\/www.espacedeseaux.com\/index.php?rest_route=%2Fwp%2Fv2%2Fproduct_cat&post=882"},{"taxonomy":"product_tag","embeddable":true,"href":"https:\/\/www.espacedeseaux.com\/index.php?rest_route=%2Fwp%2Fv2%2Fproduct_tag&post=882"}],"curies":[{"name":"wp","href":"https:\/\/api.w.org\/{rel}","templated":true}]}}