{"id":888,"date":"2025-05-20T10:33:16","date_gmt":"2025-05-20T08:33:16","guid":{"rendered":"http:\/\/espacedeseaux.com\/?post_type=product&#038;p=888"},"modified":"2025-05-20T10:35:18","modified_gmt":"2025-05-20T08:35:18","slug":"filtre-uv-pondoclear-island","status":"publish","type":"product","link":"https:\/\/www.espacedeseaux.com\/?product=filtre-uv-pondoclear-island","title":{"rendered":"FILTRE UV PONDOCLEAR ISLAND"},"content":{"rendered":"<ul>\n<li>Kit de filtration flottante avec UVC pour bassins jusqu&rsquo;\u00e0 3 000 | sans poissons et 1 500 I avec poissons<\/li>\n<li>Avec mousse filtrante<\/li>\n<li>3 accessoires de fontaine diff\u00e9rents<\/li>\n<li>4 lumi\u00e8res LED blanches neutres<\/li>\n<\/ul>\n","protected":false},"excerpt":{"rendered":"<p>Le kit de filtration flottant Pontec PondoClear Island 3000 avec clarificateur UV (4 W) garantit une eau claire et propre dans les bassins jusqu&rsquo;\u00e0 3000 litres sans poissons.<\/p>\n<p>La puissante pompe de filtration (1200 I\/h, 21 W) offre \u00e9galement une hauteur de refoulement jusqu&rsquo;\u00e0 1,20 m pour les fontaines, via trois accessoires diff\u00e9rents. Le kit de filtration flottant est \u00e9galement \u00e9quip\u00e9 de 4 LED blanc neutre.<\/p>\n<p>Le clarificateur UVC int\u00e9gr\u00e9 \u00e9limine efficacement les algues en suspension et la turbidit\u00e9, garantissant une eau claire. \u00c0 ce jour, ce produit est le seul sur le march\u00e9 europ\u00e9en \u00e0 offrir cette fonctionnalit\u00e9<\/p>\n","protected":false},"featured_media":889,"template":"","meta":[],"product_brand":[],"product_cat":[108,89,105],"product_tag":[],"class_list":{"0":"post-888","1":"product","2":"type-product","3":"status-publish","4":"has-post-thumbnail","6":"product_cat-filtres-aspirateurs-de-bassins_jardin-aquatique","7":"product_cat-fontaines","8":"product_cat-jardin-aquatique","10":"first","11":"instock","12":"shipping-taxable","13":"product-type-simple"},"_links":{"self":[{"href":"https:\/\/www.espacedeseaux.com\/index.php?rest_route=\/wp\/v2\/product\/888","targetHints":{"allow":["GET"]}}],"collection":[{"href":"https:\/\/www.espacedeseaux.com\/index.php?rest_route=\/wp\/v2\/product"}],"about":[{"href":"https:\/\/www.espacedeseaux.com\/index.php?rest_route=\/wp\/v2\/types\/product"}],"wp:featuredmedia":[{"embeddable":true,"href":"https:\/\/www.espacedeseaux.com\/index.php?rest_route=\/wp\/v2\/media\/889"}],"wp:attachment":[{"href":"https:\/\/www.espacedeseaux.com\/index.php?rest_route=%2Fwp%2Fv2%2Fmedia&parent=888"}],"wp:term":[{"taxonomy":"product_brand","embeddable":true,"href":"https:\/\/www.espacedeseaux.com\/index.php?rest_route=%2Fwp%2Fv2%2Fproduct_brand&post=888"},{"taxonomy":"product_cat","embeddable":true,"href":"https:\/\/www.espacedeseaux.com\/index.php?rest_route=%2Fwp%2Fv2%2Fproduct_cat&post=888"},{"taxonomy":"product_tag","embeddable":true,"href":"https:\/\/www.espacedeseaux.com\/index.php?rest_route=%2Fwp%2Fv2%2Fproduct_tag&post=888"}],"curies":[{"name":"wp","href":"https:\/\/api.w.org\/{rel}","templated":true}]}}