{"id":901,"date":"2025-05-20T10:44:46","date_gmt":"2025-05-20T08:44:46","guid":{"rendered":"http:\/\/espacedeseaux.com\/?post_type=product&#038;p=901"},"modified":"2025-05-20T10:48:51","modified_gmt":"2025-05-20T08:48:51","slug":"pompe-pondocompact","status":"publish","type":"product","link":"https:\/\/www.espacedeseaux.com\/?product=pompe-pondocompact","title":{"rendered":"POMPE PONDOCOMPACT"},"content":{"rendered":"<p>Le clapotis d&rsquo;un jeu d&rsquo;eau \u00e0 l&rsquo;int\u00e9rieur !<\/p>\n<p><strong>Les points forts du produit :<\/strong><\/p>\n<ul>\n<li>D\u00e9bit r\u00e9glable de 150 \u00e0 500 1\/h<\/li>\n<li>Hauteur maximale du jet 0,8 m avec une puissance de 5 watts<\/li>\n<li>Fournie avec raccord pour tuyaux de \u00bd&rsquo; (13 mm) de diam\u00e8tre<\/li>\n<li>Convient pour des jeux d&rsquo;eau d&rsquo;int\u00e9rieur<\/li>\n<li>Fournie avec 1.5 m de c\u00e2ble \u00e9lectrique<\/li>\n<\/ul>\n","protected":false},"excerpt":{"rendered":"<p>Compactes et pratiques, pour dedans et dehors La vari\u00e9t\u00e9 des tailles offre un mod\u00e8le pour chaque occasion &#8211; Dans un petit rocher-source ou dans une grande statue. Un \u00e9clairage est m\u00eame int\u00e9gr\u00e9 dans cette petite pompe.<\/p>\n","protected":false},"featured_media":902,"template":"","meta":[],"product_brand":[],"product_cat":[89,105,113,109],"product_tag":[],"class_list":{"0":"post-901","1":"product","2":"type-product","3":"status-publish","4":"has-post-thumbnail","6":"product_cat-fontaines","7":"product_cat-jardin-aquatique","8":"product_cat-pompes-pour-fontaine","9":"product_cat-pompes_jardin-aquatique","11":"first","12":"instock","13":"shipping-taxable","14":"product-type-simple"},"_links":{"self":[{"href":"https:\/\/www.espacedeseaux.com\/index.php?rest_route=\/wp\/v2\/product\/901","targetHints":{"allow":["GET"]}}],"collection":[{"href":"https:\/\/www.espacedeseaux.com\/index.php?rest_route=\/wp\/v2\/product"}],"about":[{"href":"https:\/\/www.espacedeseaux.com\/index.php?rest_route=\/wp\/v2\/types\/product"}],"wp:featuredmedia":[{"embeddable":true,"href":"https:\/\/www.espacedeseaux.com\/index.php?rest_route=\/wp\/v2\/media\/902"}],"wp:attachment":[{"href":"https:\/\/www.espacedeseaux.com\/index.php?rest_route=%2Fwp%2Fv2%2Fmedia&parent=901"}],"wp:term":[{"taxonomy":"product_brand","embeddable":true,"href":"https:\/\/www.espacedeseaux.com\/index.php?rest_route=%2Fwp%2Fv2%2Fproduct_brand&post=901"},{"taxonomy":"product_cat","embeddable":true,"href":"https:\/\/www.espacedeseaux.com\/index.php?rest_route=%2Fwp%2Fv2%2Fproduct_cat&post=901"},{"taxonomy":"product_tag","embeddable":true,"href":"https:\/\/www.espacedeseaux.com\/index.php?rest_route=%2Fwp%2Fv2%2Fproduct_tag&post=901"}],"curies":[{"name":"wp","href":"https:\/\/api.w.org\/{rel}","templated":true}]}}