{"id":905,"date":"2025-05-20T10:49:22","date_gmt":"2025-05-20T08:49:22","guid":{"rendered":"http:\/\/espacedeseaux.com\/?post_type=product&#038;p=905"},"modified":"2025-05-20T10:51:29","modified_gmt":"2025-05-20T08:51:29","slug":"pompe-pondovario","status":"publish","type":"product","link":"https:\/\/www.espacedeseaux.com\/?product=pompe-pondovario","title":{"rendered":"POMPE PONDOVARIO"},"content":{"rendered":"<p>Les points forts du produit :<\/p>\n<ul>\n<li>Grande puissance de 2 500 l\/h pour seulement 40 watts!<\/li>\n<li>Fentes de filtration fines amovibles pour l&#8217;emploi comme pompe de ruisseau ou de filtration<\/li>\n<li>Deuxi\u00e8me sortie r\u00e9glable s\u00e9par\u00e9ment pour alimenter une gargouille ou un deuxi\u00e8me jeu d&rsquo;eau<\/li>\n<li>Avec 4 4 figures d&rsquo;eau diff\u00e9rentes !<\/li>\n<li>Avec embout \u00e0 olive \u00e9tag\u00e9 pour diff\u00e9rentes tailles de tuyau de \u00bd (13 mm) \u00e0 1&prime; (25 mm)<\/li>\n<li>Avec protection thermique et 3 ans de garantie!<\/li>\n<\/ul>\n","protected":false},"excerpt":{"rendered":"<p>Quelle merveilleuse vision sous diff\u00e9rentes formes, Parfaites pour les bassins de petite taille, ces pompes constituent un agr\u00e9able divertissement sur l&rsquo;eau. Rapides \u00e0 installer, elles offrent le choix entre 4 figures d&rsquo;eau<\/p>\n","protected":false},"featured_media":906,"template":"","meta":[],"product_brand":[],"product_cat":[89,105,113,109],"product_tag":[],"class_list":{"0":"post-905","1":"product","2":"type-product","3":"status-publish","4":"has-post-thumbnail","6":"product_cat-fontaines","7":"product_cat-jardin-aquatique","8":"product_cat-pompes-pour-fontaine","9":"product_cat-pompes_jardin-aquatique","11":"first","12":"instock","13":"shipping-taxable","14":"product-type-simple"},"_links":{"self":[{"href":"https:\/\/www.espacedeseaux.com\/index.php?rest_route=\/wp\/v2\/product\/905","targetHints":{"allow":["GET"]}}],"collection":[{"href":"https:\/\/www.espacedeseaux.com\/index.php?rest_route=\/wp\/v2\/product"}],"about":[{"href":"https:\/\/www.espacedeseaux.com\/index.php?rest_route=\/wp\/v2\/types\/product"}],"wp:featuredmedia":[{"embeddable":true,"href":"https:\/\/www.espacedeseaux.com\/index.php?rest_route=\/wp\/v2\/media\/906"}],"wp:attachment":[{"href":"https:\/\/www.espacedeseaux.com\/index.php?rest_route=%2Fwp%2Fv2%2Fmedia&parent=905"}],"wp:term":[{"taxonomy":"product_brand","embeddable":true,"href":"https:\/\/www.espacedeseaux.com\/index.php?rest_route=%2Fwp%2Fv2%2Fproduct_brand&post=905"},{"taxonomy":"product_cat","embeddable":true,"href":"https:\/\/www.espacedeseaux.com\/index.php?rest_route=%2Fwp%2Fv2%2Fproduct_cat&post=905"},{"taxonomy":"product_tag","embeddable":true,"href":"https:\/\/www.espacedeseaux.com\/index.php?rest_route=%2Fwp%2Fv2%2Fproduct_tag&post=905"}],"curies":[{"name":"wp","href":"https:\/\/api.w.org\/{rel}","templated":true}]}}