{"id":923,"date":"2025-05-20T11:09:18","date_gmt":"2025-05-20T09:09:18","guid":{"rendered":"http:\/\/espacedeseaux.com\/?post_type=product&#038;p=923"},"modified":"2025-05-20T11:11:47","modified_gmt":"2025-05-20T09:11:47","slug":"projecteur-pondostar-rgbw-set-3","status":"publish","type":"product","link":"https:\/\/www.espacedeseaux.com\/?product=projecteur-pondostar-rgbw-set-3","title":{"rendered":"Projecteur PONDOSTAR RGBW SET 3"},"content":{"rendered":"<ul>\n<li>Les points forts du produit :<\/li>\n<li>\u00c9clairage de couleur pour bassin et jardin<\/li>\n<li>Peut-\u00eatre utilis\u00e9 hors de l&rsquo;eau et sous l&rsquo;eau (IP 68) S<\/li>\n<li>Transformateur de s\u00e9curit\u00e9 12 V et 2 m +3 m + 2&#215;2 m de c\u00e2ble inclus<\/li>\n<li>Consommation moyenne \u00e9nerg\u00e9tique par spot: 3 kWh\/1000h<\/li>\n<li>Classes de performance \u00e9nerg\u00e9tique A+*<\/li>\n<\/ul>\n","protected":false},"excerpt":{"rendered":"<p>3 spots avec transformateur et t\u00e9l\u00e9commande qui offrent un agr\u00e9able \u00e9clairage \u00e0 LED blanc et color\u00e9 pour bassin et jardin<\/p>\n","protected":false},"featured_media":924,"template":"","meta":[],"product_brand":[],"product_cat":[89,105,115,110],"product_tag":[],"class_list":{"0":"post-923","1":"product","2":"type-product","3":"status-publish","4":"has-post-thumbnail","6":"product_cat-fontaines","7":"product_cat-jardin-aquatique","8":"product_cat-led-rgb-projecteurs_jardin-aquatique","9":"product_cat-projecteurs_jardin-aquatique","11":"first","12":"instock","13":"shipping-taxable","14":"product-type-simple"},"_links":{"self":[{"href":"https:\/\/www.espacedeseaux.com\/index.php?rest_route=\/wp\/v2\/product\/923","targetHints":{"allow":["GET"]}}],"collection":[{"href":"https:\/\/www.espacedeseaux.com\/index.php?rest_route=\/wp\/v2\/product"}],"about":[{"href":"https:\/\/www.espacedeseaux.com\/index.php?rest_route=\/wp\/v2\/types\/product"}],"wp:featuredmedia":[{"embeddable":true,"href":"https:\/\/www.espacedeseaux.com\/index.php?rest_route=\/wp\/v2\/media\/924"}],"wp:attachment":[{"href":"https:\/\/www.espacedeseaux.com\/index.php?rest_route=%2Fwp%2Fv2%2Fmedia&parent=923"}],"wp:term":[{"taxonomy":"product_brand","embeddable":true,"href":"https:\/\/www.espacedeseaux.com\/index.php?rest_route=%2Fwp%2Fv2%2Fproduct_brand&post=923"},{"taxonomy":"product_cat","embeddable":true,"href":"https:\/\/www.espacedeseaux.com\/index.php?rest_route=%2Fwp%2Fv2%2Fproduct_cat&post=923"},{"taxonomy":"product_tag","embeddable":true,"href":"https:\/\/www.espacedeseaux.com\/index.php?rest_route=%2Fwp%2Fv2%2Fproduct_tag&post=923"}],"curies":[{"name":"wp","href":"https:\/\/api.w.org\/{rel}","templated":true}]}}